{"id":260,"date":"2012-10-04T17:32:23","date_gmt":"2012-10-04T15:32:23","guid":{"rendered":"http:\/\/www.kocieimperium.com\/?page_id=260"},"modified":"2018-04-13T19:27:44","modified_gmt":"2018-04-13T17:27:44","slug":"zakup-kotka-z-naszej-hodowli","status":"publish","type":"page","link":"http:\/\/www.kocieimperium.com\/?page_id=260","title":{"rendered":"Zakup kotka z naszej hodowli"},"content":{"rendered":"<p>1.<br \/>\nIstniej\u0105 dwie mo\u017cliwo\u015bci kupna kociaczka<br \/>\n&#8211; na kolanka<br \/>\nKociak oko\u0142o 12 tygodnia swojego \u017cycia zostaje poddany zabiegowi kastracji i opuszcza nasz\u0105 hodowle oko\u0142o 14 tygodnia, jako kociak ju\u017c wykastrowany.<br \/>\n&#8211; jako kot hodowlano &#8211; wystawowy<br \/>\njego budowa i charakter okazuje cechy kota, kt\u00f3ry zapowiada si\u0119 doskonale<br \/>\nKa\u017cdy kot mo\u017ce zosta\u0107 kotem na kolanka ale nie ka\u017cdy mo\u017ce zosta\u0107 kotem hodowlano wystawowym .<\/p>\n<p>2.<br \/>\nKociaczki mog\u0105 opu\u015bci\u0107 nasz\u0105 hodowl\u0119 gdy osi\u0105gn\u0105 wiek przynajmniej 14 tygodni. Do tego czasu dok\u0142adamy wszelkich stara\u0144 aby maluszki nabra\u0142y dobrych manier i<br \/>\nmia\u0142y bardzo dobry kontakt z nowymi Opiekunami.<br \/>\nOpuszczaj\u0105c nasz dom potrafi\u0105 korzysta\u0107 z drapaka i kuwetki.<\/p>\n<p>3.<br \/>\nDo nowego domku maluch zabiera ze sob\u0105:<br \/>\n-rodow\u00f3d FIFe<br \/>\n-wyprawk\u0119 (jedzonko na kilka pierwszych dni, zabawk\u0119)<br \/>\n-ksi\u0105\u017ceczk\u0119 zdrowia z adnotacj\u0105 o wykonanych szczepieniach i odrobaczeniach<br \/>\nDo wgl\u0105du s\u0105 orygina\u0142y bada\u0144 rodzic\u00f3w na FeLV (bia\u0142aczka) i FIV (kocie AIDS) &#8211; wyniki test\u00f3w ujemne.<br \/>\nNa \u017cyczenie Kupuj\u0105cego kociak na dwa dni przed odbiorem, mo\u017ce ponownie&nbsp; zosta\u0107 poddany kontroli weterynaryjnej i przeprowadzeniu test\u00f3w w kierunku wykrycia FeLV i FIV.<br \/>\nKoszty bada\u0144 i test\u00f3w pokrywa Nabywca.<\/p>\n<p>4.<br \/>\nZ przysz\u0142ym opiekunem podpisujemy umow\u0119 cywilno prawn\u0105, kt\u00f3ra \u015bci\u015ble okre\u015bla przysz\u0142o\u015b\u0107 naszego pupila.<\/p>\n<p>5.<br \/>\nZ ch\u0119ci\u0105 utrzymujemy kontakt z Nabywc\u0105 kotka.<br \/>\nS\u0142u\u017cymy rad\u0105 w jego wychowywaniu i \u017cywieniu.<\/p>\n<p>Dzi\u0119kujemy za zainteresowanie i zapraszamy do rezerwacji maluszka.<br \/>\nMarzena i Piotr<\/p>\n","protected":false},"excerpt":{"rendered":"<p>1. Istniej\u0105 dwie mo\u017cliwo\u015bci kupna kociaczka &#8211; na kolanka Kociak oko\u0142o 12 tygodnia swojego \u017cycia zostaje poddany zabiegowi kastracji i opuszcza nasz\u0105 hodowle oko\u0142o 14 tygodnia, jako kociak ju\u017c wykastrowany. &#8211; jako kot hodowlano &#8211; wystawowy jego budowa i charakter &hellip; <a href=\"http:\/\/www.kocieimperium.com\/?page_id=260\">Czytaj dalej <span class=\"meta-nav\">&rarr;<\/span><\/a><\/p>\n","protected":false},"author":2,"featured_media":0,"parent":5,"menu_order":0,"comment_status":"closed","ping_status":"closed","template":"","meta":{"ngg_post_thumbnail":0,"footnotes":""},"_links":{"self":[{"href":"http:\/\/www.kocieimperium.com\/index.php?rest_route=\/wp\/v2\/pages\/260"}],"collection":[{"href":"http:\/\/www.kocieimperium.com\/index.php?rest_route=\/wp\/v2\/pages"}],"about":[{"href":"http:\/\/www.kocieimperium.com\/index.php?rest_route=\/wp\/v2\/types\/page"}],"author":[{"embeddable":true,"href":"http:\/\/www.kocieimperium.com\/index.php?rest_route=\/wp\/v2\/users\/2"}],"replies":[{"embeddable":true,"href":"http:\/\/www.kocieimperium.com\/index.php?rest_route=%2Fwp%2Fv2%2Fcomments&post=260"}],"version-history":[{"count":10,"href":"http:\/\/www.kocieimperium.com\/index.php?rest_route=\/wp\/v2\/pages\/260\/revisions"}],"predecessor-version":[{"id":5071,"href":"http:\/\/www.kocieimperium.com\/index.php?rest_route=\/wp\/v2\/pages\/260\/revisions\/5071"}],"up":[{"embeddable":true,"href":"http:\/\/www.kocieimperium.com\/index.php?rest_route=\/wp\/v2\/pages\/5"}],"wp:attachment":[{"href":"http:\/\/www.kocieimperium.com\/index.php?rest_route=%2Fwp%2Fv2%2Fmedia&parent=260"}],"curies":[{"name":"wp","href":"https:\/\/api.w.org\/{rel}","templated":true}]}}