{"id":351,"date":"2012-10-16T18:46:56","date_gmt":"2012-10-16T16:46:56","guid":{"rendered":"http:\/\/www.kocieimperium.com\/?page_id=351"},"modified":"2013-04-22T17:52:03","modified_gmt":"2013-04-22T15:52:03","slug":"dziecko-i-kot","status":"publish","type":"page","link":"http:\/\/www.kocieimperium.com\/?page_id=351","title":{"rendered":"Dziecko i kot"},"content":{"rendered":"<p>Zastanawiacie si\u0119 Pa\u0144stwo czy kot b\u0119dzie odpowiednim<br \/>\nprzyjacielem dla waszego dziecka?<\/p>\n<p>Nie ma najmniejszych przeciwwskaza\u0144 aby dzieci i koty mieszka\u0142y razem.<br \/>\nWszystko zale\u017cy od zdrowego i odpowiedzialnego podej\u015bcia doros\u0142ych.<br \/>\nWbrew opinii niekt\u00f3rych ludzi nie kociak jest zagro\u017ceniem dla dziecka, lecz dziecko dla kociaczka.<br \/>\nJe\u015bli b\u0119dziemy trzyma\u0107 si\u0119 kilku wa\u017cnych zasad, to wszystkim nam obecno\u015b\u0107 kota wyjdzie na dobre.<br \/>\nDzieci kt\u00f3re maj\u0105 mo\u017cliwo\u015b\u0107 wychowywania si\u0119 z kotkiem, wiedz\u0105 \u017ce s\u0105 dla swego podopiecznego kim\u015b wa\u017cnym, przez co staj\u0105 si\u0119 bardziej wra\u017cliwe i ucz\u0105 si\u0119 odpowiedzialno\u015bci. Zanim dziecko pozna tajemnice swego koteczka musi nauczy\u0107 si\u0119 jak prawid\u0142owo post\u0119powa\u0107 i obchodzi\u0107 si\u0119 ze zwierz\u0105tkiem.<br \/>\nRola rodzic\u00f3w w tym zadani jest bardzo istotna.<br \/>\nWyt\u0142umaczmy dziecku \u017ce kotek to \u017cywe stworzenie, a nie lalka czy mi\u015b, \u017ce trzeba obchodzi\u0107 si\u0119 z nim delikatnie, nie tarmosi\u0107, nie szarpa\u0107 futerka ani ogonka, nie ubiera\u0107 w sukienki.<br \/>\nKoty brytyjskie nale\u017c\u0105 do kot\u00f3w spokojnych i tolerancyjnych, niestety nie raz cierpliwie znosz\u0105 nieprzyjemne dla nich zabawy. B\u0105d\u017amy uwa\u017cni i nie pozw\u00f3lmy na takie maltretowanie.<br \/>\nNie oczekujmy \u017ce kotek zawsze z\u0142e traktowanie b\u0119dzie znosi\u0142 ze spokojem bo i on ma swoje uczucia i potrzeby. Mo\u017ce si\u0119 zdarzy\u0107 \u017ce czasem syknie lub przy\u0142o\u017cy dziecku \u0142apk\u0105 &#8211; odbierajmy to jako akt samoobrony i informacj\u0119 \u017ce granica dobrej zabawy zosta\u0142a przekroczona. Kotek to istota \u017cywa kt\u00f3ra ma swoje prawa, a my powinni\u015bmy je respektowa\u0107 i dba\u0107 aby nie sta\u0142a mu si\u0119 krzywda.<br \/>\nCzasem nasz kociak b\u0119dzie mia\u0142 ochot\u0119 na odpoczynek. Zapewnijmy mu cichy k\u0105t do kt\u00f3rego b\u0119dzie m\u00f3g\u0142 si\u0119 uda\u0107 zawsze gdy b\u0119dzie mia\u0142 ochot\u0119 na chwil\u0119 spokoju.<br \/>\nKot jest z jednym z najczystszych zwierz\u0105t wi\u0119c nie musimy jako\u015b specjalnie dba\u0107 o jego higien\u0119. Wystarczy \u017ce b\u0119dzie mia\u0142 przyci\u0119te pazurki, b\u0119dzie regularnie odrobaczany,\u00a0odpchlony i zaszczepiony przeciwko kocim chorob\u0105.<\/p>\n<p>Przyja\u017a\u0144 dziecka z kotem mo\u017ce trwa\u0107 wiele lat i na pewno stanie si\u0119 dla m\u0142odego cz\u0142owieka wa\u017cnym i dobrym \u017cyciowym do\u015bwiadczeniem.<\/p>\n","protected":false},"excerpt":{"rendered":"<p>Zastanawiacie si\u0119 Pa\u0144stwo czy kot b\u0119dzie odpowiednim przyjacielem dla waszego dziecka? Nie ma najmniejszych przeciwwskaza\u0144 aby dzieci i koty mieszka\u0142y razem. Wszystko zale\u017cy od zdrowego i odpowiedzialnego podej\u015bcia doros\u0142ych. Wbrew opinii niekt\u00f3rych ludzi nie kociak jest zagro\u017ceniem dla dziecka, lecz &hellip; <a href=\"http:\/\/www.kocieimperium.com\/?page_id=351\">Czytaj dalej <span class=\"meta-nav\">&rarr;<\/span><\/a><\/p>\n","protected":false},"author":2,"featured_media":0,"parent":337,"menu_order":0,"comment_status":"closed","ping_status":"closed","template":"","meta":{"ngg_post_thumbnail":0,"footnotes":""},"_links":{"self":[{"href":"http:\/\/www.kocieimperium.com\/index.php?rest_route=\/wp\/v2\/pages\/351"}],"collection":[{"href":"http:\/\/www.kocieimperium.com\/index.php?rest_route=\/wp\/v2\/pages"}],"about":[{"href":"http:\/\/www.kocieimperium.com\/index.php?rest_route=\/wp\/v2\/types\/page"}],"author":[{"embeddable":true,"href":"http:\/\/www.kocieimperium.com\/index.php?rest_route=\/wp\/v2\/users\/2"}],"replies":[{"embeddable":true,"href":"http:\/\/www.kocieimperium.com\/index.php?rest_route=%2Fwp%2Fv2%2Fcomments&post=351"}],"version-history":[{"count":5,"href":"http:\/\/www.kocieimperium.com\/index.php?rest_route=\/wp\/v2\/pages\/351\/revisions"}],"predecessor-version":[{"id":678,"href":"http:\/\/www.kocieimperium.com\/index.php?rest_route=\/wp\/v2\/pages\/351\/revisions\/678"}],"up":[{"embeddable":true,"href":"http:\/\/www.kocieimperium.com\/index.php?rest_route=\/wp\/v2\/pages\/337"}],"wp:attachment":[{"href":"http:\/\/www.kocieimperium.com\/index.php?rest_route=%2Fwp%2Fv2%2Fmedia&parent=351"}],"curies":[{"name":"wp","href":"https:\/\/api.w.org\/{rel}","templated":true}]}}