{"id":4972,"date":"2018-01-19T18:15:15","date_gmt":"2018-01-19T17:15:15","guid":{"rendered":"http:\/\/www.kocieimperium.com\/?page_id=4972"},"modified":"2018-02-21T19:39:57","modified_gmt":"2018-02-21T18:39:57","slug":"miot-i-i-sc-indigo-i-zaxi","status":"publish","type":"page","link":"http:\/\/www.kocieimperium.com\/?page_id=4972","title":{"rendered":"Miot I I &#8211; SC Indigo i Zaxi"},"content":{"rendered":"<p>&nbsp;<\/p>\n<table>\n<tbody>\n<tr>\n<td>    <div class=\"ngg-gallery-singlepic-image ngg-center\" style=\"max-width: 320px\">\n\t\t        <a href=\"http:\/\/www.kocieimperium.com\/wp-content\/gallery\/indigo\/dsc05781.jpg\"\n           title=\"Indigo 9 miesi\u0119cy\"\n           data-src=\"http:\/\/www.kocieimperium.com\/wp-content\/gallery\/indigo\/dsc05781.jpg\"\n           data-thumbnail=\"http:\/\/www.kocieimperium.com\/wp-content\/gallery\/indigo\/thumbs\/thumbs_dsc05781.jpg\"\n           data-image-id=\"738\"\n           data-title=\"Indigo\"\n           data-description=\"Indigo 9 miesi\u0119cy\"\n           target='_self'\n\t\t\tclass=\"ngg-fancybox\" rel=\"c49bbc3a6a44d337d7c611136b1feab2\">\n            <img class=\"ngg-singlepic\"\n                 src=\"http:\/\/www.kocieimperium.com\/wp-content\/gallery\/indigo\/cache\/dsc05781.jpg-nggid03738-ngg0dyn-320x240x100-00f0w011c010r110f110r010t010.jpg\"\n                 alt=\"Indigo\"\n                 title=\"Indigo\"\n\t\t\t\t                    width=\"320\" \t\t\t\t            \/>\n        <\/a>\n\t\t    <\/div>\n\t\t<\/td>\n<td>    <div class=\"ngg-gallery-singlepic-image ngg-center\" style=\"max-width: 320px\">\n\t\t        <a href=\"http:\/\/www.kocieimperium.com\/wp-content\/gallery\/zaxi\/DSC06729.JPG\"\n           title=\"\"\n           data-src=\"http:\/\/www.kocieimperium.com\/wp-content\/gallery\/zaxi\/DSC06729.JPG\"\n           data-thumbnail=\"http:\/\/www.kocieimperium.com\/wp-content\/gallery\/zaxi\/thumbs\/thumbs_DSC06729.JPG\"\n           data-image-id=\"1918\"\n           data-title=\"DSC06729\"\n           data-description=\"\"\n           target='_self'\n\t\t\tclass=\"ngg-fancybox\" rel=\"cf9cabcb1b0b14c3e769462834f64e70\">\n            <img class=\"ngg-singlepic\"\n                 src=\"http:\/\/www.kocieimperium.com\/wp-content\/gallery\/zaxi\/cache\/DSC06729.JPG-nggid041918-ngg0dyn-320x240x100-00f0w011c010r110f110r010t010.JPG\"\n                 alt=\"DSC06729\"\n                 title=\"DSC06729\"\n\t\t\t\t                    width=\"320\" \t\t\t\t            \/>\n        <\/a>\n\t\t    <\/div>\n\t\t<\/td>\n<\/tr>\n<tr>\n<td style=\"text-align: center;\"><a title=\"Indigo\" href=\"http:\/\/www.kocieimperium.com\/?page_id=966\">SC Indigo Imaree Mary Kay*CZ<\/a><\/td>\n<td style=\"text-align: center;\"><a title=\"Zaxi\" href=\"http:\/\/www.kocieimperium.com\/?page_id=4997\">Zaxi Kocie Imperium*PL<\/a><\/td>\n<\/tr>\n<\/tbody>\n<\/table>\n<p>W dniu 07.11.2017r. &nbsp;w naszej hodowli przysz\u0142y na \u015bwiat 2 \u015bliczne koteczki brytyjskie.<br \/>\nJedna dziewczynka jest niebieska a druga liliowa.<br \/>\n&nbsp;maluszki czuj\u0105 si\u0119 dobrze, ich waga w dniu narodzin wynosi\u0142a&nbsp; 112g do 119g &nbsp;.<br \/>\nZapraszamy do \u015bledzenia rozwoju ma\u0142ych pociech na naszym Facebooku :&nbsp; https:\/\/www.facebook.com\/kocieimperium\/<br \/>\njak i do odwiedzenia nas i naszych pupili u nas domu .<br \/>\nZapraszamy do wcze\u015bniejszej rezerwacji maluszk\u00f3w!<br \/>\nPrzewidywany termin p\u00f3j\u015bcia kotk\u00f3w do nowych dom\u00f3w to 07.02.2018r.<\/p>\n<!-- default-view.php -->\n<div\n\tclass=\"ngg-galleryoverview default-view \n\t ngg-ajax-pagination-none\t\"\n\tid=\"ngg-gallery-87139ef6199658fdcf9255ad94dabc3b-1\">\n\n\t\t<!-- Thumbnails -->\n\t\t\t\t<div id=\"ngg-image-0\" class=\"ngg-gallery-thumbnail-box \n\t\t\t\t\t\t\t\t\t\t\t\" \n\t\t\t>\n\t\t\t\t\t\t<div class=\"ngg-gallery-thumbnail\">\n\t\t\t<a href=\"http:\/\/www.kocieimperium.com\/wp-content\/gallery\/miot-i-i\/24775051_1130379843731289_1493822686072688400_n.jpg\"\n\t\t\t\ttitle=\"\"\n\t\t\t\tdata-src=\"http:\/\/www.kocieimperium.com\/wp-content\/gallery\/miot-i-i\/24775051_1130379843731289_1493822686072688400_n.jpg\"\n\t\t\t\tdata-thumbnail=\"http:\/\/www.kocieimperium.com\/wp-content\/gallery\/miot-i-i\/thumbs\/thumbs_24775051_1130379843731289_1493822686072688400_n.jpg\"\n\t\t\t\tdata-image-id=\"1906\"\n\t\t\t\tdata-title=\"24775051_1130379843731289_1493822686072688400_n\"\n\t\t\t\tdata-description=\"\"\n\t\t\t\tdata-image-slug=\"24775051_1130379843731289_1493822686072688400_n\"\n\t\t\t\tclass=\"ngg-fancybox\" rel=\"87139ef6199658fdcf9255ad94dabc3b\">\n\t\t\t\t<img\n\t\t\t\t\ttitle=\"24775051_1130379843731289_1493822686072688400_n\"\n\t\t\t\t\talt=\"24775051_1130379843731289_1493822686072688400_n\"\n\t\t\t\t\tsrc=\"http:\/\/www.kocieimperium.com\/wp-content\/gallery\/miot-i-i\/thumbs\/thumbs_24775051_1130379843731289_1493822686072688400_n.jpg\"\n\t\t\t\t\twidth=\"100\"\n\t\t\t\t\theight=\"75\"\n\t\t\t\t\tstyle=\"max-width:100%;\"\n\t\t\t\t\/>\n\t\t\t<\/a>\n\t\t<\/div>\n\t\t\t\t\t\t\t<\/div> \n\t\t\t\n\t\t\t\t<div id=\"ngg-image-1\" class=\"ngg-gallery-thumbnail-box \n\t\t\t\t\t\t\t\t\t\t\t\" \n\t\t\t>\n\t\t\t\t\t\t<div class=\"ngg-gallery-thumbnail\">\n\t\t\t<a href=\"http:\/\/www.kocieimperium.com\/wp-content\/gallery\/miot-i-i\/24862538_1130379753731298_2359063252588456625_n.jpg\"\n\t\t\t\ttitle=\"\"\n\t\t\t\tdata-src=\"http:\/\/www.kocieimperium.com\/wp-content\/gallery\/miot-i-i\/24862538_1130379753731298_2359063252588456625_n.jpg\"\n\t\t\t\tdata-thumbnail=\"http:\/\/www.kocieimperium.com\/wp-content\/gallery\/miot-i-i\/thumbs\/thumbs_24862538_1130379753731298_2359063252588456625_n.jpg\"\n\t\t\t\tdata-image-id=\"1907\"\n\t\t\t\tdata-title=\"24862538_1130379753731298_2359063252588456625_n\"\n\t\t\t\tdata-description=\"\"\n\t\t\t\tdata-image-slug=\"24862538_1130379753731298_2359063252588456625_n\"\n\t\t\t\tclass=\"ngg-fancybox\" rel=\"87139ef6199658fdcf9255ad94dabc3b\">\n\t\t\t\t<img\n\t\t\t\t\ttitle=\"24862538_1130379753731298_2359063252588456625_n\"\n\t\t\t\t\talt=\"24862538_1130379753731298_2359063252588456625_n\"\n\t\t\t\t\tsrc=\"http:\/\/www.kocieimperium.com\/wp-content\/gallery\/miot-i-i\/thumbs\/thumbs_24862538_1130379753731298_2359063252588456625_n.jpg\"\n\t\t\t\t\twidth=\"100\"\n\t\t\t\t\theight=\"75\"\n\t\t\t\t\tstyle=\"max-width:100%;\"\n\t\t\t\t\/>\n\t\t\t<\/a>\n\t\t<\/div>\n\t\t\t\t\t\t\t<\/div> \n\t\t\t\n\t\t\t\t<div id=\"ngg-image-2\" class=\"ngg-gallery-thumbnail-box \n\t\t\t\t\t\t\t\t\t\t\t\" \n\t\t\t>\n\t\t\t\t\t\t<div class=\"ngg-gallery-thumbnail\">\n\t\t\t<a href=\"http:\/\/www.kocieimperium.com\/wp-content\/gallery\/miot-i-i\/24993573_1133488180087122_5528654396230563990_n.jpg\"\n\t\t\t\ttitle=\"\"\n\t\t\t\tdata-src=\"http:\/\/www.kocieimperium.com\/wp-content\/gallery\/miot-i-i\/24993573_1133488180087122_5528654396230563990_n.jpg\"\n\t\t\t\tdata-thumbnail=\"http:\/\/www.kocieimperium.com\/wp-content\/gallery\/miot-i-i\/thumbs\/thumbs_24993573_1133488180087122_5528654396230563990_n.jpg\"\n\t\t\t\tdata-image-id=\"1908\"\n\t\t\t\tdata-title=\"24993573_1133488180087122_5528654396230563990_n\"\n\t\t\t\tdata-description=\"\"\n\t\t\t\tdata-image-slug=\"24993573_1133488180087122_5528654396230563990_n\"\n\t\t\t\tclass=\"ngg-fancybox\" rel=\"87139ef6199658fdcf9255ad94dabc3b\">\n\t\t\t\t<img\n\t\t\t\t\ttitle=\"24993573_1133488180087122_5528654396230563990_n\"\n\t\t\t\t\talt=\"24993573_1133488180087122_5528654396230563990_n\"\n\t\t\t\t\tsrc=\"http:\/\/www.kocieimperium.com\/wp-content\/gallery\/miot-i-i\/thumbs\/thumbs_24993573_1133488180087122_5528654396230563990_n.jpg\"\n\t\t\t\t\twidth=\"100\"\n\t\t\t\t\theight=\"75\"\n\t\t\t\t\tstyle=\"max-width:100%;\"\n\t\t\t\t\/>\n\t\t\t<\/a>\n\t\t<\/div>\n\t\t\t\t\t\t\t<\/div> \n\t\t\t\n\t\t\t\t<div id=\"ngg-image-3\" class=\"ngg-gallery-thumbnail-box \n\t\t\t\t\t\t\t\t\t\t\t\" \n\t\t\t>\n\t\t\t\t\t\t<div class=\"ngg-gallery-thumbnail\">\n\t\t\t<a href=\"http:\/\/www.kocieimperium.com\/wp-content\/gallery\/miot-i-i\/25348435_1133488123420461_7484886035256571185_n.jpg\"\n\t\t\t\ttitle=\"\"\n\t\t\t\tdata-src=\"http:\/\/www.kocieimperium.com\/wp-content\/gallery\/miot-i-i\/25348435_1133488123420461_7484886035256571185_n.jpg\"\n\t\t\t\tdata-thumbnail=\"http:\/\/www.kocieimperium.com\/wp-content\/gallery\/miot-i-i\/thumbs\/thumbs_25348435_1133488123420461_7484886035256571185_n.jpg\"\n\t\t\t\tdata-image-id=\"1909\"\n\t\t\t\tdata-title=\"25348435_1133488123420461_7484886035256571185_n\"\n\t\t\t\tdata-description=\"\"\n\t\t\t\tdata-image-slug=\"25348435_1133488123420461_7484886035256571185_n\"\n\t\t\t\tclass=\"ngg-fancybox\" rel=\"87139ef6199658fdcf9255ad94dabc3b\">\n\t\t\t\t<img\n\t\t\t\t\ttitle=\"25348435_1133488123420461_7484886035256571185_n\"\n\t\t\t\t\talt=\"25348435_1133488123420461_7484886035256571185_n\"\n\t\t\t\t\tsrc=\"http:\/\/www.kocieimperium.com\/wp-content\/gallery\/miot-i-i\/thumbs\/thumbs_25348435_1133488123420461_7484886035256571185_n.jpg\"\n\t\t\t\t\twidth=\"100\"\n\t\t\t\t\theight=\"75\"\n\t\t\t\t\tstyle=\"max-width:100%;\"\n\t\t\t\t\/>\n\t\t\t<\/a>\n\t\t<\/div>\n\t\t\t\t\t\t\t<\/div> \n\t\t\t\n\t\t\t\t<div id=\"ngg-image-4\" class=\"ngg-gallery-thumbnail-box \n\t\t\t\t\t\t\t\t\t\t\t\" \n\t\t\t>\n\t\t\t\t\t\t<div class=\"ngg-gallery-thumbnail\">\n\t\t\t<a href=\"http:\/\/www.kocieimperium.com\/wp-content\/gallery\/miot-i-i\/25626013_1141863572582916_9165057249217541571_o.jpg\"\n\t\t\t\ttitle=\"\"\n\t\t\t\tdata-src=\"http:\/\/www.kocieimperium.com\/wp-content\/gallery\/miot-i-i\/25626013_1141863572582916_9165057249217541571_o.jpg\"\n\t\t\t\tdata-thumbnail=\"http:\/\/www.kocieimperium.com\/wp-content\/gallery\/miot-i-i\/thumbs\/thumbs_25626013_1141863572582916_9165057249217541571_o.jpg\"\n\t\t\t\tdata-image-id=\"1910\"\n\t\t\t\tdata-title=\"25626013_1141863572582916_9165057249217541571_o\"\n\t\t\t\tdata-description=\"\"\n\t\t\t\tdata-image-slug=\"25626013_1141863572582916_9165057249217541571_o\"\n\t\t\t\tclass=\"ngg-fancybox\" rel=\"87139ef6199658fdcf9255ad94dabc3b\">\n\t\t\t\t<img\n\t\t\t\t\ttitle=\"25626013_1141863572582916_9165057249217541571_o\"\n\t\t\t\t\talt=\"25626013_1141863572582916_9165057249217541571_o\"\n\t\t\t\t\tsrc=\"http:\/\/www.kocieimperium.com\/wp-content\/gallery\/miot-i-i\/thumbs\/thumbs_25626013_1141863572582916_9165057249217541571_o.jpg\"\n\t\t\t\t\twidth=\"100\"\n\t\t\t\t\theight=\"75\"\n\t\t\t\t\tstyle=\"max-width:100%;\"\n\t\t\t\t\/>\n\t\t\t<\/a>\n\t\t<\/div>\n\t\t\t\t\t\t\t<\/div> \n\t\t\t\n\t\t\t\t<div id=\"ngg-image-5\" class=\"ngg-gallery-thumbnail-box \n\t\t\t\t\t\t\t\t\t\t\t\" \n\t\t\t>\n\t\t\t\t\t\t<div class=\"ngg-gallery-thumbnail\">\n\t\t\t<a href=\"http:\/\/www.kocieimperium.com\/wp-content\/gallery\/miot-i-i\/26195348_1152316358204304_8166154008865975068_n.jpg\"\n\t\t\t\ttitle=\"\"\n\t\t\t\tdata-src=\"http:\/\/www.kocieimperium.com\/wp-content\/gallery\/miot-i-i\/26195348_1152316358204304_8166154008865975068_n.jpg\"\n\t\t\t\tdata-thumbnail=\"http:\/\/www.kocieimperium.com\/wp-content\/gallery\/miot-i-i\/thumbs\/thumbs_26195348_1152316358204304_8166154008865975068_n.jpg\"\n\t\t\t\tdata-image-id=\"1911\"\n\t\t\t\tdata-title=\"26195348_1152316358204304_8166154008865975068_n\"\n\t\t\t\tdata-description=\"\"\n\t\t\t\tdata-image-slug=\"26195348_1152316358204304_8166154008865975068_n\"\n\t\t\t\tclass=\"ngg-fancybox\" rel=\"87139ef6199658fdcf9255ad94dabc3b\">\n\t\t\t\t<img\n\t\t\t\t\ttitle=\"26195348_1152316358204304_8166154008865975068_n\"\n\t\t\t\t\talt=\"26195348_1152316358204304_8166154008865975068_n\"\n\t\t\t\t\tsrc=\"http:\/\/www.kocieimperium.com\/wp-content\/gallery\/miot-i-i\/thumbs\/thumbs_26195348_1152316358204304_8166154008865975068_n.jpg\"\n\t\t\t\t\twidth=\"100\"\n\t\t\t\t\theight=\"75\"\n\t\t\t\t\tstyle=\"max-width:100%;\"\n\t\t\t\t\/>\n\t\t\t<\/a>\n\t\t<\/div>\n\t\t\t\t\t\t\t<\/div> \n\t\t\t\n\t\t\t\t<div id=\"ngg-image-6\" class=\"ngg-gallery-thumbnail-box \n\t\t\t\t\t\t\t\t\t\t\t\" \n\t\t\t>\n\t\t\t\t\t\t<div class=\"ngg-gallery-thumbnail\">\n\t\t\t<a href=\"http:\/\/www.kocieimperium.com\/wp-content\/gallery\/miot-i-i\/28055792_1033916666749004_7775996682844731798_n.jpg\"\n\t\t\t\ttitle=\"\"\n\t\t\t\tdata-src=\"http:\/\/www.kocieimperium.com\/wp-content\/gallery\/miot-i-i\/28055792_1033916666749004_7775996682844731798_n.jpg\"\n\t\t\t\tdata-thumbnail=\"http:\/\/www.kocieimperium.com\/wp-content\/gallery\/miot-i-i\/thumbs\/thumbs_28055792_1033916666749004_7775996682844731798_n.jpg\"\n\t\t\t\tdata-image-id=\"1921\"\n\t\t\t\tdata-title=\"28055792_1033916666749004_7775996682844731798_n\"\n\t\t\t\tdata-description=\"\"\n\t\t\t\tdata-image-slug=\"28055792_1033916666749004_7775996682844731798_n\"\n\t\t\t\tclass=\"ngg-fancybox\" rel=\"87139ef6199658fdcf9255ad94dabc3b\">\n\t\t\t\t<img\n\t\t\t\t\ttitle=\"28055792_1033916666749004_7775996682844731798_n\"\n\t\t\t\t\talt=\"28055792_1033916666749004_7775996682844731798_n\"\n\t\t\t\t\tsrc=\"http:\/\/www.kocieimperium.com\/wp-content\/gallery\/miot-i-i\/thumbs\/thumbs_28055792_1033916666749004_7775996682844731798_n.jpg\"\n\t\t\t\t\twidth=\"100\"\n\t\t\t\t\theight=\"75\"\n\t\t\t\t\tstyle=\"max-width:100%;\"\n\t\t\t\t\/>\n\t\t\t<\/a>\n\t\t<\/div>\n\t\t\t\t\t\t\t<\/div> \n\t\t\t\n\t\t\t\t<div id=\"ngg-image-7\" class=\"ngg-gallery-thumbnail-box \n\t\t\t\t\t\t\t\t\t\t\t\" \n\t\t\t>\n\t\t\t\t\t\t<div class=\"ngg-gallery-thumbnail\">\n\t\t\t<a href=\"http:\/\/www.kocieimperium.com\/wp-content\/gallery\/miot-i-i\/28276367_1033916696749001_6962563843646382537_n.jpg\"\n\t\t\t\ttitle=\"\"\n\t\t\t\tdata-src=\"http:\/\/www.kocieimperium.com\/wp-content\/gallery\/miot-i-i\/28276367_1033916696749001_6962563843646382537_n.jpg\"\n\t\t\t\tdata-thumbnail=\"http:\/\/www.kocieimperium.com\/wp-content\/gallery\/miot-i-i\/thumbs\/thumbs_28276367_1033916696749001_6962563843646382537_n.jpg\"\n\t\t\t\tdata-image-id=\"1922\"\n\t\t\t\tdata-title=\"28276367_1033916696749001_6962563843646382537_n\"\n\t\t\t\tdata-description=\"\"\n\t\t\t\tdata-image-slug=\"28276367_1033916696749001_6962563843646382537_n\"\n\t\t\t\tclass=\"ngg-fancybox\" rel=\"87139ef6199658fdcf9255ad94dabc3b\">\n\t\t\t\t<img\n\t\t\t\t\ttitle=\"28276367_1033916696749001_6962563843646382537_n\"\n\t\t\t\t\talt=\"28276367_1033916696749001_6962563843646382537_n\"\n\t\t\t\t\tsrc=\"http:\/\/www.kocieimperium.com\/wp-content\/gallery\/miot-i-i\/thumbs\/thumbs_28276367_1033916696749001_6962563843646382537_n.jpg\"\n\t\t\t\t\twidth=\"100\"\n\t\t\t\t\theight=\"75\"\n\t\t\t\t\tstyle=\"max-width:100%;\"\n\t\t\t\t\/>\n\t\t\t<\/a>\n\t\t<\/div>\n\t\t\t\t\t\t\t<\/div> \n\t\t\t\n\t\n\t<br style=\"clear: both\" \/>\n\n\t\n\t\t<!-- Pagination -->\n\t\t<div class='ngg-clear'><\/div>\t<\/div>\n\n<p>&nbsp;<\/p>\n<table border=\"1\" width=\"584\" align=\"center\">\n<tbody>\n<tr>\n<td>&nbsp;<\/td>\n<td align=\"center\"><strong>Imi\u0119<\/strong><\/td>\n<td align=\"center\"><strong>P\u0142e\u0107<\/strong><\/td>\n<td align=\"center\"><strong>Kolor<\/strong><\/td>\n<td align=\"center\"><strong>Status<\/strong><\/td>\n<\/tr>\n<tr>\n<td>&nbsp;<\/td>\n<td align=\"center\"><span style=\"color: #0000ff;\">&nbsp;IDA<\/span><\/td>\n<td align=\"center\">Kotka<\/td>\n<td align=\"center\">liliowa BSH c<\/td>\n<td align=\"center\">Wolna<\/td>\n<\/tr>\n<tr>\n<td>&nbsp;<\/td>\n<td align=\"center\"><span style=\"color: #0000ff;\">&nbsp;INKA<\/span><\/td>\n<td align=\"center\">Kotka&nbsp;<\/td>\n<td align=\"center\">niebieska BSH a&nbsp;<\/td>\n<td align=\"center\"><span style=\"color: #ff0000;\">Rezerwacja<\/span><\/td>\n<\/tr>\n<\/tbody>\n<\/table>\n<p><span style=\"color: #ff0000;\"><span style=\"color: #8b0000;\">Wpis wst\u0119pna rezerwacja <\/span><span style=\"color: #333333;\">&#8211; potencjalny w\u0142a\u015bciciel zastanawia si\u0119 nad kupnem<\/span><br \/>\n<span style=\"color: red;\">Wpis rezerwacja <\/span><span style=\"color: #333333;\">&#8211; zosta\u0142a dokonana wp\u0142ata pierwszej raty<\/span><br \/>\n<span style=\"color: #ff6600;\">Wpis<\/span><span style=\"color: #ff6600;\"> w obserwacji<\/span> <span style=\"color: #333333;\">&#8211; kociak obserwowany pod wzgl\u0119dem hodowlano &#8211; wystawowym<\/span><br \/>\n<\/span><\/p>\n<h2>&nbsp;<\/h2>\n<h2 style=\"text-align: center;\">Osoby zainteresowane kupnem kociaczka z naszej hodowli, zapraszamy do rezerwacji.<br \/>\n<a title=\"Kontakt\" href=\"http:\/\/www.kocieimperium.com\/?page_id=22\">DANE KONTAKTOWE <\/a><\/h2>\n<h2 style=\"text-align: center;\"><a title=\"Zakup kotka z naszej hodowli\" href=\"http:\/\/www.kocieimperium.com\/?page_id=260\">Zakup kotka z naszej hodowli<\/a><\/h2>\n<p>&nbsp;<\/p>\n","protected":false},"excerpt":{"rendered":"<p>&nbsp; SC Indigo Imaree Mary Kay*CZ Zaxi Kocie Imperium*PL W dniu 07.11.2017r. &nbsp;w naszej hodowli przysz\u0142y na \u015bwiat 2 \u015bliczne koteczki brytyjskie. Jedna dziewczynka jest niebieska a druga liliowa. &nbsp;maluszki czuj\u0105 si\u0119 dobrze, ich waga w dniu narodzin wynosi\u0142a&nbsp; 112g &hellip; <a href=\"http:\/\/www.kocieimperium.com\/?page_id=4972\">Czytaj dalej <span class=\"meta-nav\">&rarr;<\/span><\/a><\/p>\n","protected":false},"author":2,"featured_media":0,"parent":0,"menu_order":0,"comment_status":"closed","ping_status":"closed","template":"","meta":{"ngg_post_thumbnail":0,"footnotes":""},"_links":{"self":[{"href":"http:\/\/www.kocieimperium.com\/index.php?rest_route=\/wp\/v2\/pages\/4972"}],"collection":[{"href":"http:\/\/www.kocieimperium.com\/index.php?rest_route=\/wp\/v2\/pages"}],"about":[{"href":"http:\/\/www.kocieimperium.com\/index.php?rest_route=\/wp\/v2\/types\/page"}],"author":[{"embeddable":true,"href":"http:\/\/www.kocieimperium.com\/index.php?rest_route=\/wp\/v2\/users\/2"}],"replies":[{"embeddable":true,"href":"http:\/\/www.kocieimperium.com\/index.php?rest_route=%2Fwp%2Fv2%2Fcomments&post=4972"}],"version-history":[{"count":12,"href":"http:\/\/www.kocieimperium.com\/index.php?rest_route=\/wp\/v2\/pages\/4972\/revisions"}],"predecessor-version":[{"id":5035,"href":"http:\/\/www.kocieimperium.com\/index.php?rest_route=\/wp\/v2\/pages\/4972\/revisions\/5035"}],"wp:attachment":[{"href":"http:\/\/www.kocieimperium.com\/index.php?rest_route=%2Fwp%2Fv2%2Fmedia&parent=4972"}],"curies":[{"name":"wp","href":"https:\/\/api.w.org\/{rel}","templated":true}]}}