{"id":5,"date":"2012-09-17T20:35:28","date_gmt":"2012-09-17T18:35:28","guid":{"rendered":"http:\/\/wp.kocieimperium.com\/?page_id=5"},"modified":"2015-10-24T21:41:24","modified_gmt":"2015-10-24T19:41:24","slug":"witamy","status":"publish","type":"page","link":"http:\/\/www.kocieimperium.com\/?page_id=5","title":{"rendered":"O nas"},"content":{"rendered":"<h2 style=\"text-align: center;\">WITAMY SERDECZNIE NA NASZEJ STRONIE<\/h2>\n<p>Od dzieci\u0144stwa wychowywa\u0142am si\u0119 w towarzystwie zwierz\u0105t i nie wyobra\u017cam sobie aby ich przy mnie nie by\u0142o. Los stawia\u0142 ja na mojej drodze \u017cycia w r\u00f3\u017cnych przedziwnych sytuacjach, ale zawsze mog\u0142y liczy\u0107 na moj\u0105 pomoc.<\/p>\n<p>Gdy z m\u0119\u017cem pojechali\u015bmy ogl\u0105da\u0107 nasz nowy domek to na jego progu siedzia\u0142 ma\u0142y pr\u0119gowany kotek. Wzi\u0119\u0142am go na r\u0119ce, a on nawet nie protestowa\u0142 i\u2026 kupili\u015bmy ten domek, a tygrysek zosta\u0142 z nami. Kiedy dor\u00f3s\u0142, natura okaza\u0142a si\u0119 silniejsza i tygrysek coraz cz\u0119\u015bciej i na coraz d\u0142u\u017cej opuszcza\u0142 nasz dom, w poszukiwaniu nowych przyg\u00f3d. Pewnego dnia nie wr\u00f3ci\u0142 na noc. Dzieci p\u0142aka\u0142y chodzi\u0142y i szuka\u0142y go po okolicy. Niestety bezskutecznie.<\/p>\n<p>Wtedy podj\u0119li\u015bmy decyzj\u0119 o zakupie koteczki rasowej, kt\u00f3ra przebywa\u0142a tylko w domu. <a href=\"http:\/\/www.kocieimperium.com\/wp-content\/uploads\/2012\/09\/marzenka.png\"><img loading=\"lazy\" decoding=\"async\" class=\"alignright size-medium wp-image-13\" style=\"border: 0px;\" title=\"Pusia\" src=\"http:\/\/www.kocieimperium.com\/wp-content\/uploads\/2012\/09\/marzenka-300x264.png\" alt=\"Pusia\" width=\"300\" height=\"264\" srcset=\"http:\/\/www.kocieimperium.com\/wp-content\/uploads\/2012\/09\/marzenka-300x264.png 300w, http:\/\/www.kocieimperium.com\/wp-content\/uploads\/2012\/09\/marzenka-339x300.png 339w, http:\/\/www.kocieimperium.com\/wp-content\/uploads\/2012\/09\/marzenka.png 545w\" sizes=\"(max-width: 300px) 100vw, 300px\" \/><\/a>Po d\u0142ugich poszukiwaniach wyb\u00f3r pad\u0142 na brytyjsk\u0105 niebiesk\u0105 kotk\u0119. Chocia\u017c by\u0142a ju\u017c doros\u0142a to i tak bardzo szybko zadomowi\u0142a si\u0119 w nowym domu i zaakceptowa\u0142a nas i dzieci. Nasz wyb\u00f3r co do rasy by\u0142 trafny. Pusia jak na Brytyjczyka przysta\u0142o okaza\u0142a si\u0119 bardzo mi\u0142a i inteligentn\u0105 kotk\u0105, co nas niezmiernie zafascynowa\u0142o. Lubi\u0142a wylegiwa\u0107 si\u0119 na naszych kolankach, g\u0142o\u015bno przy tym mrucza\u0142a i nastawia\u0142a uszko do pieszczenia. Z racji s\u0119dziwego wieku nadszed\u0142 dzie\u0144, w kt\u00f3rym nasza Pusiunia opu\u015bci\u0142a nas na dobre. Prze\u017cyli\u015bmy razem z ni\u0105 wiele wspania\u0142ych, niezapomnianych lat. To ona zaszczepi\u0142a w nas ch\u0119\u0107 za\u0142o\u017cenia ma\u0142ej rodzinnej hodowli. Naszym celem jest stworzenie linii hodowlanej reprezentuj\u0105cej najlepsze cechy tej rasy. Obecnie zamieszkuj\u0105 z nami 3 koteczki i kocurek rasy brytyjskiej niebieskiej. Maj\u0105 one do dyspozycji ca\u0142\u0105 przestrze\u0144 naszego domu, zapewniamy im odpowiednie warunki do rozwoju fizycznego i psychicznego otaczamy je nale\u017cyt\u0105 mi\u0142o\u015bci\u0105 i troskliwo\u015bci\u0105 w zamian odwdzi\u0119czaj\u0105 si\u0119 bezgraniczn\u0105 ufno\u015bci\u0105 i przywi\u0105zaniem.<\/p>\n<p>&nbsp;<\/p>\n<p>Wszystkie kotki w naszej hodowli korzystaj\u0105 ze sta\u0142ej opieki weterynaryjnej. Maj\u0105 wykonane testy na FeLV i FIV oraz PKD i HCM. Zdrowie naszych kot\u00f3w jest dla nas bardzo. wa\u017cne . Brytyjczyki s\u0105\u00a0 cudownymi kociakami, kt\u00f3re daj\u0105 nam wiele rado\u015bci i zadowolenia. \u00a0<a href=\"http:\/\/www.felispolonia.eu\/\" target=\"_blank\"><img loading=\"lazy\" decoding=\"async\" class=\"alignleft wp-image-160\" title=\"Certyfikat Hodowli \" src=\"http:\/\/www.kocieimperium.com\/wp-content\/uploads\/2012\/09\/certyfikat-Hodowli-001-e1348205218851.jpg\" alt=\"Certyfikat Hodowli\" width=\"1609\" height=\"729\" srcset=\"http:\/\/www.kocieimperium.com\/wp-content\/uploads\/2012\/09\/certyfikat-Hodowli-001-e1348205218851.jpg 1609w, http:\/\/www.kocieimperium.com\/wp-content\/uploads\/2012\/09\/certyfikat-Hodowli-001-e1348205218851-300x135.jpg 300w, http:\/\/www.kocieimperium.com\/wp-content\/uploads\/2012\/09\/certyfikat-Hodowli-001-e1348205218851-1024x463.jpg 1024w\" sizes=\"(max-width: 1609px) 100vw, 1609px\" \/><\/a><\/p>\n<p>Nasza hodowla kot\u00f3w rasowych nosi przydomek Kocie Imperium*PL zarejestrowana jest w <a href=\"http:\/\/catclubfeniks.pl\/\" target=\"_blank\">CAT CLUB FENIKS (CCF)<\/a> zrzeszonym w federacji <a href=\"http:\/\/www.felispolonia.eu\/\" target=\"_blank\">Felis Polonia (FPL)<\/a>, pod patronatem <a href=\"http:\/\/fifeweb.org\/\" target=\"_blank\">Federation Internationale Feline (FIFe)<\/a><\/p>\n<p>Marzena i Piotr<\/p>\n","protected":false},"excerpt":{"rendered":"<p>WITAMY SERDECZNIE NA NASZEJ STRONIE Od dzieci\u0144stwa wychowywa\u0142am si\u0119 w towarzystwie zwierz\u0105t i nie wyobra\u017cam sobie aby ich przy mnie nie by\u0142o. Los stawia\u0142 ja na mojej drodze \u017cycia w r\u00f3\u017cnych przedziwnych sytuacjach, ale zawsze mog\u0142y liczy\u0107 na moj\u0105 pomoc. &hellip; <a href=\"http:\/\/www.kocieimperium.com\/?page_id=5\">Czytaj dalej <span class=\"meta-nav\">&rarr;<\/span><\/a><\/p>\n","protected":false},"author":2,"featured_media":0,"parent":0,"menu_order":10,"comment_status":"closed","ping_status":"closed","template":"sidebar-page.php","meta":{"ngg_post_thumbnail":0,"footnotes":""},"_links":{"self":[{"href":"http:\/\/www.kocieimperium.com\/index.php?rest_route=\/wp\/v2\/pages\/5"}],"collection":[{"href":"http:\/\/www.kocieimperium.com\/index.php?rest_route=\/wp\/v2\/pages"}],"about":[{"href":"http:\/\/www.kocieimperium.com\/index.php?rest_route=\/wp\/v2\/types\/page"}],"author":[{"embeddable":true,"href":"http:\/\/www.kocieimperium.com\/index.php?rest_route=\/wp\/v2\/users\/2"}],"replies":[{"embeddable":true,"href":"http:\/\/www.kocieimperium.com\/index.php?rest_route=%2Fwp%2Fv2%2Fcomments&post=5"}],"version-history":[{"count":25,"href":"http:\/\/www.kocieimperium.com\/index.php?rest_route=\/wp\/v2\/pages\/5\/revisions"}],"predecessor-version":[{"id":3322,"href":"http:\/\/www.kocieimperium.com\/index.php?rest_route=\/wp\/v2\/pages\/5\/revisions\/3322"}],"wp:attachment":[{"href":"http:\/\/www.kocieimperium.com\/index.php?rest_route=%2Fwp%2Fv2%2Fmedia&parent=5"}],"curies":[{"name":"wp","href":"https:\/\/api.w.org\/{rel}","templated":true}]}}