{"id":5175,"date":"2018-08-05T02:41:53","date_gmt":"2018-08-05T00:41:53","guid":{"rendered":"http:\/\/www.kocieimperium.com\/?page_id=5175"},"modified":"2018-08-12T19:41:03","modified_gmt":"2018-08-12T17:41:03","slug":"galaxy","status":"publish","type":"page","link":"http:\/\/www.kocieimperium.com\/?page_id=5175","title":{"rendered":"Galaxy"},"content":{"rendered":"<p><span style=\"color: #000000;\"><strong>&nbsp;Galaxy Sideris*PL<\/strong><\/span><\/p>\n<!-- default-view.php -->\n<div\n\tclass=\"ngg-galleryoverview default-view \n\t ngg-ajax-pagination-none\t\"\n\tid=\"ngg-gallery-4546e02d0ff8a3dad94389ec9ec38abe-1\">\n\n\t\t<!-- Thumbnails -->\n\t\t\t\t<div id=\"ngg-image-0\" class=\"ngg-gallery-thumbnail-box \n\t\t\t\t\t\t\t\t\t\t\t\" \n\t\t\t>\n\t\t\t\t\t\t<div class=\"ngg-gallery-thumbnail\">\n\t\t\t<a href=\"http:\/\/www.kocieimperium.com\/wp-content\/gallery\/galaxy\/DSC09420.JPG\"\n\t\t\t\ttitle=\"\"\n\t\t\t\tdata-src=\"http:\/\/www.kocieimperium.com\/wp-content\/gallery\/galaxy\/DSC09420.JPG\"\n\t\t\t\tdata-thumbnail=\"http:\/\/www.kocieimperium.com\/wp-content\/gallery\/galaxy\/thumbs\/thumbs_DSC09420.JPG\"\n\t\t\t\tdata-image-id=\"1957\"\n\t\t\t\tdata-title=\"DSC09420\"\n\t\t\t\tdata-description=\"\"\n\t\t\t\tdata-image-slug=\"dsc09420\"\n\t\t\t\tclass=\"ngg-fancybox\" rel=\"4546e02d0ff8a3dad94389ec9ec38abe\">\n\t\t\t\t<img\n\t\t\t\t\ttitle=\"DSC09420\"\n\t\t\t\t\talt=\"DSC09420\"\n\t\t\t\t\tsrc=\"http:\/\/www.kocieimperium.com\/wp-content\/gallery\/galaxy\/thumbs\/thumbs_DSC09420.JPG\"\n\t\t\t\t\twidth=\"100\"\n\t\t\t\t\theight=\"75\"\n\t\t\t\t\tstyle=\"max-width:100%;\"\n\t\t\t\t\/>\n\t\t\t<\/a>\n\t\t<\/div>\n\t\t\t\t\t\t\t<\/div> \n\t\t\t\n\t\t\t\t<div id=\"ngg-image-1\" class=\"ngg-gallery-thumbnail-box \n\t\t\t\t\t\t\t\t\t\t\t\" \n\t\t\t>\n\t\t\t\t\t\t<div class=\"ngg-gallery-thumbnail\">\n\t\t\t<a href=\"http:\/\/www.kocieimperium.com\/wp-content\/gallery\/galaxy\/DSC09436.JPG\"\n\t\t\t\ttitle=\"\"\n\t\t\t\tdata-src=\"http:\/\/www.kocieimperium.com\/wp-content\/gallery\/galaxy\/DSC09436.JPG\"\n\t\t\t\tdata-thumbnail=\"http:\/\/www.kocieimperium.com\/wp-content\/gallery\/galaxy\/thumbs\/thumbs_DSC09436.JPG\"\n\t\t\t\tdata-image-id=\"1958\"\n\t\t\t\tdata-title=\"DSC09436\"\n\t\t\t\tdata-description=\"\"\n\t\t\t\tdata-image-slug=\"dsc09436-1\"\n\t\t\t\tclass=\"ngg-fancybox\" rel=\"4546e02d0ff8a3dad94389ec9ec38abe\">\n\t\t\t\t<img\n\t\t\t\t\ttitle=\"DSC09436\"\n\t\t\t\t\talt=\"DSC09436\"\n\t\t\t\t\tsrc=\"http:\/\/www.kocieimperium.com\/wp-content\/gallery\/galaxy\/thumbs\/thumbs_DSC09436.JPG\"\n\t\t\t\t\twidth=\"100\"\n\t\t\t\t\theight=\"75\"\n\t\t\t\t\tstyle=\"max-width:100%;\"\n\t\t\t\t\/>\n\t\t\t<\/a>\n\t\t<\/div>\n\t\t\t\t\t\t\t<\/div> \n\t\t\t\n\t\t\t\t<div id=\"ngg-image-2\" class=\"ngg-gallery-thumbnail-box \n\t\t\t\t\t\t\t\t\t\t\t\" \n\t\t\t>\n\t\t\t\t\t\t<div class=\"ngg-gallery-thumbnail\">\n\t\t\t<a href=\"http:\/\/www.kocieimperium.com\/wp-content\/gallery\/galaxy\/DSC09443.JPG\"\n\t\t\t\ttitle=\"\"\n\t\t\t\tdata-src=\"http:\/\/www.kocieimperium.com\/wp-content\/gallery\/galaxy\/DSC09443.JPG\"\n\t\t\t\tdata-thumbnail=\"http:\/\/www.kocieimperium.com\/wp-content\/gallery\/galaxy\/thumbs\/thumbs_DSC09443.JPG\"\n\t\t\t\tdata-image-id=\"1959\"\n\t\t\t\tdata-title=\"DSC09443\"\n\t\t\t\tdata-description=\"\"\n\t\t\t\tdata-image-slug=\"dsc09443\"\n\t\t\t\tclass=\"ngg-fancybox\" rel=\"4546e02d0ff8a3dad94389ec9ec38abe\">\n\t\t\t\t<img\n\t\t\t\t\ttitle=\"DSC09443\"\n\t\t\t\t\talt=\"DSC09443\"\n\t\t\t\t\tsrc=\"http:\/\/www.kocieimperium.com\/wp-content\/gallery\/galaxy\/thumbs\/thumbs_DSC09443.JPG\"\n\t\t\t\t\twidth=\"100\"\n\t\t\t\t\theight=\"75\"\n\t\t\t\t\tstyle=\"max-width:100%;\"\n\t\t\t\t\/>\n\t\t\t<\/a>\n\t\t<\/div>\n\t\t\t\t\t\t\t<\/div> \n\t\t\t\n\t\t\t\t<div id=\"ngg-image-3\" class=\"ngg-gallery-thumbnail-box \n\t\t\t\t\t\t\t\t\t\t\t\" \n\t\t\t>\n\t\t\t\t\t\t<div class=\"ngg-gallery-thumbnail\">\n\t\t\t<a href=\"http:\/\/www.kocieimperium.com\/wp-content\/gallery\/galaxy\/DSC09449.JPG\"\n\t\t\t\ttitle=\"\"\n\t\t\t\tdata-src=\"http:\/\/www.kocieimperium.com\/wp-content\/gallery\/galaxy\/DSC09449.JPG\"\n\t\t\t\tdata-thumbnail=\"http:\/\/www.kocieimperium.com\/wp-content\/gallery\/galaxy\/thumbs\/thumbs_DSC09449.JPG\"\n\t\t\t\tdata-image-id=\"1960\"\n\t\t\t\tdata-title=\"DSC09449\"\n\t\t\t\tdata-description=\"\"\n\t\t\t\tdata-image-slug=\"dsc09449\"\n\t\t\t\tclass=\"ngg-fancybox\" rel=\"4546e02d0ff8a3dad94389ec9ec38abe\">\n\t\t\t\t<img\n\t\t\t\t\ttitle=\"DSC09449\"\n\t\t\t\t\talt=\"DSC09449\"\n\t\t\t\t\tsrc=\"http:\/\/www.kocieimperium.com\/wp-content\/gallery\/galaxy\/thumbs\/thumbs_DSC09449.JPG\"\n\t\t\t\t\twidth=\"100\"\n\t\t\t\t\theight=\"75\"\n\t\t\t\t\tstyle=\"max-width:100%;\"\n\t\t\t\t\/>\n\t\t\t<\/a>\n\t\t<\/div>\n\t\t\t\t\t\t\t<\/div> \n\t\t\t\n\t\t\t\t<div id=\"ngg-image-4\" class=\"ngg-gallery-thumbnail-box \n\t\t\t\t\t\t\t\t\t\t\t\" \n\t\t\t>\n\t\t\t\t\t\t<div class=\"ngg-gallery-thumbnail\">\n\t\t\t<a href=\"http:\/\/www.kocieimperium.com\/wp-content\/gallery\/galaxy\/DSC09457.JPG\"\n\t\t\t\ttitle=\"\"\n\t\t\t\tdata-src=\"http:\/\/www.kocieimperium.com\/wp-content\/gallery\/galaxy\/DSC09457.JPG\"\n\t\t\t\tdata-thumbnail=\"http:\/\/www.kocieimperium.com\/wp-content\/gallery\/galaxy\/thumbs\/thumbs_DSC09457.JPG\"\n\t\t\t\tdata-image-id=\"1961\"\n\t\t\t\tdata-title=\"DSC09457\"\n\t\t\t\tdata-description=\"\"\n\t\t\t\tdata-image-slug=\"dsc09457\"\n\t\t\t\tclass=\"ngg-fancybox\" rel=\"4546e02d0ff8a3dad94389ec9ec38abe\">\n\t\t\t\t<img\n\t\t\t\t\ttitle=\"DSC09457\"\n\t\t\t\t\talt=\"DSC09457\"\n\t\t\t\t\tsrc=\"http:\/\/www.kocieimperium.com\/wp-content\/gallery\/galaxy\/thumbs\/thumbs_DSC09457.JPG\"\n\t\t\t\t\twidth=\"100\"\n\t\t\t\t\theight=\"75\"\n\t\t\t\t\tstyle=\"max-width:100%;\"\n\t\t\t\t\/>\n\t\t\t<\/a>\n\t\t<\/div>\n\t\t\t\t\t\t\t<\/div> \n\t\t\t\n\t\t\t\t<div id=\"ngg-image-5\" class=\"ngg-gallery-thumbnail-box \n\t\t\t\t\t\t\t\t\t\t\t\" \n\t\t\t>\n\t\t\t\t\t\t<div class=\"ngg-gallery-thumbnail\">\n\t\t\t<a href=\"http:\/\/www.kocieimperium.com\/wp-content\/gallery\/galaxy\/DSC09463.JPG\"\n\t\t\t\ttitle=\"\"\n\t\t\t\tdata-src=\"http:\/\/www.kocieimperium.com\/wp-content\/gallery\/galaxy\/DSC09463.JPG\"\n\t\t\t\tdata-thumbnail=\"http:\/\/www.kocieimperium.com\/wp-content\/gallery\/galaxy\/thumbs\/thumbs_DSC09463.JPG\"\n\t\t\t\tdata-image-id=\"1962\"\n\t\t\t\tdata-title=\"DSC09463\"\n\t\t\t\tdata-description=\"\"\n\t\t\t\tdata-image-slug=\"dsc09463\"\n\t\t\t\tclass=\"ngg-fancybox\" rel=\"4546e02d0ff8a3dad94389ec9ec38abe\">\n\t\t\t\t<img\n\t\t\t\t\ttitle=\"DSC09463\"\n\t\t\t\t\talt=\"DSC09463\"\n\t\t\t\t\tsrc=\"http:\/\/www.kocieimperium.com\/wp-content\/gallery\/galaxy\/thumbs\/thumbs_DSC09463.JPG\"\n\t\t\t\t\twidth=\"100\"\n\t\t\t\t\theight=\"75\"\n\t\t\t\t\tstyle=\"max-width:100%;\"\n\t\t\t\t\/>\n\t\t\t<\/a>\n\t\t<\/div>\n\t\t\t\t\t\t\t<\/div> \n\t\t\t\n\t\t\t\t<div id=\"ngg-image-6\" class=\"ngg-gallery-thumbnail-box \n\t\t\t\t\t\t\t\t\t\t\t\" \n\t\t\t>\n\t\t\t\t\t\t<div class=\"ngg-gallery-thumbnail\">\n\t\t\t<a href=\"http:\/\/www.kocieimperium.com\/wp-content\/gallery\/galaxy\/DSC09460.JPG\"\n\t\t\t\ttitle=\"\"\n\t\t\t\tdata-src=\"http:\/\/www.kocieimperium.com\/wp-content\/gallery\/galaxy\/DSC09460.JPG\"\n\t\t\t\tdata-thumbnail=\"http:\/\/www.kocieimperium.com\/wp-content\/gallery\/galaxy\/thumbs\/thumbs_DSC09460.JPG\"\n\t\t\t\tdata-image-id=\"1963\"\n\t\t\t\tdata-title=\"DSC09460\"\n\t\t\t\tdata-description=\"\"\n\t\t\t\tdata-image-slug=\"dsc09460-1\"\n\t\t\t\tclass=\"ngg-fancybox\" rel=\"4546e02d0ff8a3dad94389ec9ec38abe\">\n\t\t\t\t<img\n\t\t\t\t\ttitle=\"DSC09460\"\n\t\t\t\t\talt=\"DSC09460\"\n\t\t\t\t\tsrc=\"http:\/\/www.kocieimperium.com\/wp-content\/gallery\/galaxy\/thumbs\/thumbs_DSC09460.JPG\"\n\t\t\t\t\twidth=\"100\"\n\t\t\t\t\theight=\"75\"\n\t\t\t\t\tstyle=\"max-width:100%;\"\n\t\t\t\t\/>\n\t\t\t<\/a>\n\t\t<\/div>\n\t\t\t\t\t\t\t<\/div> \n\t\t\t\n\t\n\t<br style=\"clear: both\" \/>\n\n\t\n\t\t<!-- Pagination -->\n\t\t<div class='ngg-clear'><\/div>\t<\/div>\n\n<table>\n<tbody>\n<tr>\n<td>Rasa:<\/td>\n<td>Brytyjski kr\u00f3tkow\u0142osy<\/td>\n<\/tr>\n<tr>\n<td>Data urodzenia:<\/td>\n<td>2017-08-10<\/td>\n<\/tr>\n<tr>\n<td>P\u0142e\u0107:<\/td>\n<td>Kocur<\/td>\n<\/tr>\n<tr>\n<td>EMS:<\/td>\n<td>BSH a<\/td>\n<\/tr>\n<tr>\n<td>Ojciec:<\/td>\n<td>IC Grandroshell Lithum<\/td>\n<\/tr>\n<tr>\n<td>Matka:<\/td>\n<td>Pacyfica Sideris*PL<\/td>\n<\/tr>\n<tr>\n<td>Testy:<\/td>\n<td>FIV &#8211; ujemny FeLV \u2013 ujemny&nbsp;<\/td>\n<\/tr>\n<tr>\n<td>Grupa krwi:<\/td>\n<td>B<\/td>\n<\/tr>\n<tr>\n<td>Rodow\u00f3d:<\/td>\n<td>    <div class=\"ngg-gallery-singlepic-image ngg-left\" style=\"max-width: 160px\">\n\t\t        <a href=\"http:\/\/www.kocieimperium.com\/wp-content\/gallery\/certyfikaty\/Galaxy-001.jpg\"\n           title=\"\"\n           data-src=\"http:\/\/www.kocieimperium.com\/wp-content\/gallery\/certyfikaty\/Galaxy-001.jpg\"\n           data-thumbnail=\"http:\/\/www.kocieimperium.com\/wp-content\/gallery\/certyfikaty\/thumbs\/thumbs_Galaxy-001.jpg\"\n           data-image-id=\"1956\"\n           data-title=\"Galaxy 001\"\n           data-description=\"\"\n           target='_self'\n\t\t\tclass=\"ngg-fancybox\" rel=\"6a2c05f6c4ac94bef343e1a7cab8ada9\">\n            <img class=\"ngg-singlepic\"\n                 src=\"http:\/\/www.kocieimperium.com\/wp-content\/gallery\/certyfikaty\/cache\/Galaxy-001.jpg-nggid041956-ngg0dyn-160x120x100-00f0w011c010r110f110r010t010.jpg\"\n                 alt=\"Galaxy 001\"\n                 title=\"Galaxy 001\"\n\t\t\t\t                    width=\"160\" \t\t\t\t            \/>\n        <\/a>\n\t\t    <\/div>\n\t\t<\/td>\n<\/tr>\n<\/tbody>\n<\/table>\n","protected":false},"excerpt":{"rendered":"<p>&nbsp;Galaxy Sideris*PL Rasa: Brytyjski kr\u00f3tkow\u0142osy Data urodzenia: 2017-08-10 P\u0142e\u0107: Kocur EMS: BSH a Ojciec: IC Grandroshell Lithum Matka: Pacyfica Sideris*PL Testy: FIV &#8211; ujemny FeLV \u2013 ujemny&nbsp; Grupa krwi: B Rodow\u00f3d:<\/p>\n","protected":false},"author":2,"featured_media":0,"parent":41,"menu_order":0,"comment_status":"closed","ping_status":"closed","template":"","meta":{"ngg_post_thumbnail":0,"footnotes":""},"_links":{"self":[{"href":"http:\/\/www.kocieimperium.com\/index.php?rest_route=\/wp\/v2\/pages\/5175"}],"collection":[{"href":"http:\/\/www.kocieimperium.com\/index.php?rest_route=\/wp\/v2\/pages"}],"about":[{"href":"http:\/\/www.kocieimperium.com\/index.php?rest_route=\/wp\/v2\/types\/page"}],"author":[{"embeddable":true,"href":"http:\/\/www.kocieimperium.com\/index.php?rest_route=\/wp\/v2\/users\/2"}],"replies":[{"embeddable":true,"href":"http:\/\/www.kocieimperium.com\/index.php?rest_route=%2Fwp%2Fv2%2Fcomments&post=5175"}],"version-history":[{"count":4,"href":"http:\/\/www.kocieimperium.com\/index.php?rest_route=\/wp\/v2\/pages\/5175\/revisions"}],"predecessor-version":[{"id":5197,"href":"http:\/\/www.kocieimperium.com\/index.php?rest_route=\/wp\/v2\/pages\/5175\/revisions\/5197"}],"up":[{"embeddable":true,"href":"http:\/\/www.kocieimperium.com\/index.php?rest_route=\/wp\/v2\/pages\/41"}],"wp:attachment":[{"href":"http:\/\/www.kocieimperium.com\/index.php?rest_route=%2Fwp%2Fv2%2Fmedia&parent=5175"}],"curies":[{"name":"wp","href":"https:\/\/api.w.org\/{rel}","templated":true}]}}