{"id":5207,"date":"2018-08-12T18:33:29","date_gmt":"2018-08-12T16:33:29","guid":{"rendered":"http:\/\/www.kocieimperium.com\/?page_id=5207"},"modified":"2018-08-12T19:37:58","modified_gmt":"2018-08-12T17:37:58","slug":"amy","status":"publish","type":"page","link":"http:\/\/www.kocieimperium.com\/?page_id=5207","title":{"rendered":"Amy"},"content":{"rendered":"<p><strong>Amy Bea Grey &amp; BluI*PL<\/strong><\/p>\n<p><strong><strong><br \/>\n<\/strong><\/strong><!-- default-view.php -->\n<div\n\tclass=\"ngg-galleryoverview default-view \n\t ngg-ajax-pagination-none\t\"\n\tid=\"ngg-gallery-f2ec3f930a91b468a9b6ddd63f479e94-1\">\n\n\t\t<!-- Thumbnails -->\n\t\t\t\t<div id=\"ngg-image-0\" class=\"ngg-gallery-thumbnail-box \n\t\t\t\t\t\t\t\t\t\t\t\" \n\t\t\t>\n\t\t\t\t\t\t<div class=\"ngg-gallery-thumbnail\">\n\t\t\t<a href=\"http:\/\/www.kocieimperium.com\/wp-content\/gallery\/amy\/27072924_1173339462768660_9012301126792879721_n.jpg\"\n\t\t\t\ttitle=\"\"\n\t\t\t\tdata-src=\"http:\/\/www.kocieimperium.com\/wp-content\/gallery\/amy\/27072924_1173339462768660_9012301126792879721_n.jpg\"\n\t\t\t\tdata-thumbnail=\"http:\/\/www.kocieimperium.com\/wp-content\/gallery\/amy\/thumbs\/thumbs_27072924_1173339462768660_9012301126792879721_n.jpg\"\n\t\t\t\tdata-image-id=\"1965\"\n\t\t\t\tdata-title=\"27072924_1173339462768660_9012301126792879721_n\"\n\t\t\t\tdata-description=\"\"\n\t\t\t\tdata-image-slug=\"27072924_1173339462768660_9012301126792879721_n\"\n\t\t\t\tclass=\"ngg-fancybox\" rel=\"f2ec3f930a91b468a9b6ddd63f479e94\">\n\t\t\t\t<img\n\t\t\t\t\ttitle=\"27072924_1173339462768660_9012301126792879721_n\"\n\t\t\t\t\talt=\"27072924_1173339462768660_9012301126792879721_n\"\n\t\t\t\t\tsrc=\"http:\/\/www.kocieimperium.com\/wp-content\/gallery\/amy\/thumbs\/thumbs_27072924_1173339462768660_9012301126792879721_n.jpg\"\n\t\t\t\t\twidth=\"100\"\n\t\t\t\t\theight=\"75\"\n\t\t\t\t\tstyle=\"max-width:100%;\"\n\t\t\t\t\/>\n\t\t\t<\/a>\n\t\t<\/div>\n\t\t\t\t\t\t\t<\/div> \n\t\t\t\n\t\t\t\t<div id=\"ngg-image-1\" class=\"ngg-gallery-thumbnail-box \n\t\t\t\t\t\t\t\t\t\t\t\" \n\t\t\t>\n\t\t\t\t\t\t<div class=\"ngg-gallery-thumbnail\">\n\t\t\t<a href=\"http:\/\/www.kocieimperium.com\/wp-content\/gallery\/amy\/27336571_1173339492768657_4709854480042736907_n.jpg\"\n\t\t\t\ttitle=\"\"\n\t\t\t\tdata-src=\"http:\/\/www.kocieimperium.com\/wp-content\/gallery\/amy\/27336571_1173339492768657_4709854480042736907_n.jpg\"\n\t\t\t\tdata-thumbnail=\"http:\/\/www.kocieimperium.com\/wp-content\/gallery\/amy\/thumbs\/thumbs_27336571_1173339492768657_4709854480042736907_n.jpg\"\n\t\t\t\tdata-image-id=\"1966\"\n\t\t\t\tdata-title=\"27336571_1173339492768657_4709854480042736907_n\"\n\t\t\t\tdata-description=\"\"\n\t\t\t\tdata-image-slug=\"27336571_1173339492768657_4709854480042736907_n\"\n\t\t\t\tclass=\"ngg-fancybox\" rel=\"f2ec3f930a91b468a9b6ddd63f479e94\">\n\t\t\t\t<img\n\t\t\t\t\ttitle=\"27336571_1173339492768657_4709854480042736907_n\"\n\t\t\t\t\talt=\"27336571_1173339492768657_4709854480042736907_n\"\n\t\t\t\t\tsrc=\"http:\/\/www.kocieimperium.com\/wp-content\/gallery\/amy\/thumbs\/thumbs_27336571_1173339492768657_4709854480042736907_n.jpg\"\n\t\t\t\t\twidth=\"100\"\n\t\t\t\t\theight=\"75\"\n\t\t\t\t\tstyle=\"max-width:100%;\"\n\t\t\t\t\/>\n\t\t\t<\/a>\n\t\t<\/div>\n\t\t\t\t\t\t\t<\/div> \n\t\t\t\n\t\t\t\t<div id=\"ngg-image-2\" class=\"ngg-gallery-thumbnail-box \n\t\t\t\t\t\t\t\t\t\t\t\" \n\t\t\t>\n\t\t\t\t\t\t<div class=\"ngg-gallery-thumbnail\">\n\t\t\t<a href=\"http:\/\/www.kocieimperium.com\/wp-content\/gallery\/amy\/27337255_1173339292768677_9191231193420367829_n.jpg\"\n\t\t\t\ttitle=\"\"\n\t\t\t\tdata-src=\"http:\/\/www.kocieimperium.com\/wp-content\/gallery\/amy\/27337255_1173339292768677_9191231193420367829_n.jpg\"\n\t\t\t\tdata-thumbnail=\"http:\/\/www.kocieimperium.com\/wp-content\/gallery\/amy\/thumbs\/thumbs_27337255_1173339292768677_9191231193420367829_n.jpg\"\n\t\t\t\tdata-image-id=\"1967\"\n\t\t\t\tdata-title=\"27337255_1173339292768677_9191231193420367829_n\"\n\t\t\t\tdata-description=\"\"\n\t\t\t\tdata-image-slug=\"27337255_1173339292768677_9191231193420367829_n\"\n\t\t\t\tclass=\"ngg-fancybox\" rel=\"f2ec3f930a91b468a9b6ddd63f479e94\">\n\t\t\t\t<img\n\t\t\t\t\ttitle=\"27337255_1173339292768677_9191231193420367829_n\"\n\t\t\t\t\talt=\"27337255_1173339292768677_9191231193420367829_n\"\n\t\t\t\t\tsrc=\"http:\/\/www.kocieimperium.com\/wp-content\/gallery\/amy\/thumbs\/thumbs_27337255_1173339292768677_9191231193420367829_n.jpg\"\n\t\t\t\t\twidth=\"100\"\n\t\t\t\t\theight=\"75\"\n\t\t\t\t\tstyle=\"max-width:100%;\"\n\t\t\t\t\/>\n\t\t\t<\/a>\n\t\t<\/div>\n\t\t\t\t\t\t\t<\/div> \n\t\t\t\n\t\t\t\t<div id=\"ngg-image-3\" class=\"ngg-gallery-thumbnail-box \n\t\t\t\t\t\t\t\t\t\t\t\" \n\t\t\t>\n\t\t\t\t\t\t<div class=\"ngg-gallery-thumbnail\">\n\t\t\t<a href=\"http:\/\/www.kocieimperium.com\/wp-content\/gallery\/amy\/27459365_1173339366102003_4519733010899027523_n.jpg\"\n\t\t\t\ttitle=\"\"\n\t\t\t\tdata-src=\"http:\/\/www.kocieimperium.com\/wp-content\/gallery\/amy\/27459365_1173339366102003_4519733010899027523_n.jpg\"\n\t\t\t\tdata-thumbnail=\"http:\/\/www.kocieimperium.com\/wp-content\/gallery\/amy\/thumbs\/thumbs_27459365_1173339366102003_4519733010899027523_n.jpg\"\n\t\t\t\tdata-image-id=\"1968\"\n\t\t\t\tdata-title=\"27459365_1173339366102003_4519733010899027523_n\"\n\t\t\t\tdata-description=\"\"\n\t\t\t\tdata-image-slug=\"27459365_1173339366102003_4519733010899027523_n\"\n\t\t\t\tclass=\"ngg-fancybox\" rel=\"f2ec3f930a91b468a9b6ddd63f479e94\">\n\t\t\t\t<img\n\t\t\t\t\ttitle=\"27459365_1173339366102003_4519733010899027523_n\"\n\t\t\t\t\talt=\"27459365_1173339366102003_4519733010899027523_n\"\n\t\t\t\t\tsrc=\"http:\/\/www.kocieimperium.com\/wp-content\/gallery\/amy\/thumbs\/thumbs_27459365_1173339366102003_4519733010899027523_n.jpg\"\n\t\t\t\t\twidth=\"100\"\n\t\t\t\t\theight=\"75\"\n\t\t\t\t\tstyle=\"max-width:100%;\"\n\t\t\t\t\/>\n\t\t\t<\/a>\n\t\t<\/div>\n\t\t\t\t\t\t\t<\/div> \n\t\t\t\n\t\t\t\t<div id=\"ngg-image-4\" class=\"ngg-gallery-thumbnail-box \n\t\t\t\t\t\t\t\t\t\t\t\" \n\t\t\t>\n\t\t\t\t\t\t<div class=\"ngg-gallery-thumbnail\">\n\t\t\t<a href=\"http:\/\/www.kocieimperium.com\/wp-content\/gallery\/amy\/27459714_1173339382768668_6506632588728897259_n.jpg\"\n\t\t\t\ttitle=\"\"\n\t\t\t\tdata-src=\"http:\/\/www.kocieimperium.com\/wp-content\/gallery\/amy\/27459714_1173339382768668_6506632588728897259_n.jpg\"\n\t\t\t\tdata-thumbnail=\"http:\/\/www.kocieimperium.com\/wp-content\/gallery\/amy\/thumbs\/thumbs_27459714_1173339382768668_6506632588728897259_n.jpg\"\n\t\t\t\tdata-image-id=\"1969\"\n\t\t\t\tdata-title=\"27459714_1173339382768668_6506632588728897259_n\"\n\t\t\t\tdata-description=\"\"\n\t\t\t\tdata-image-slug=\"27459714_1173339382768668_6506632588728897259_n\"\n\t\t\t\tclass=\"ngg-fancybox\" rel=\"f2ec3f930a91b468a9b6ddd63f479e94\">\n\t\t\t\t<img\n\t\t\t\t\ttitle=\"27459714_1173339382768668_6506632588728897259_n\"\n\t\t\t\t\talt=\"27459714_1173339382768668_6506632588728897259_n\"\n\t\t\t\t\tsrc=\"http:\/\/www.kocieimperium.com\/wp-content\/gallery\/amy\/thumbs\/thumbs_27459714_1173339382768668_6506632588728897259_n.jpg\"\n\t\t\t\t\twidth=\"100\"\n\t\t\t\t\theight=\"75\"\n\t\t\t\t\tstyle=\"max-width:100%;\"\n\t\t\t\t\/>\n\t\t\t<\/a>\n\t\t<\/div>\n\t\t\t\t\t\t\t<\/div> \n\t\t\t\n\t\t\t\t<div id=\"ngg-image-5\" class=\"ngg-gallery-thumbnail-box \n\t\t\t\t\t\t\t\t\t\t\t\" \n\t\t\t>\n\t\t\t\t\t\t<div class=\"ngg-gallery-thumbnail\">\n\t\t\t<a href=\"http:\/\/www.kocieimperium.com\/wp-content\/gallery\/amy\/DSC03389.JPG\"\n\t\t\t\ttitle=\"\"\n\t\t\t\tdata-src=\"http:\/\/www.kocieimperium.com\/wp-content\/gallery\/amy\/DSC03389.JPG\"\n\t\t\t\tdata-thumbnail=\"http:\/\/www.kocieimperium.com\/wp-content\/gallery\/amy\/thumbs\/thumbs_DSC03389.JPG\"\n\t\t\t\tdata-image-id=\"1970\"\n\t\t\t\tdata-title=\"DSC03389\"\n\t\t\t\tdata-description=\"\"\n\t\t\t\tdata-image-slug=\"dsc03389-1\"\n\t\t\t\tclass=\"ngg-fancybox\" rel=\"f2ec3f930a91b468a9b6ddd63f479e94\">\n\t\t\t\t<img\n\t\t\t\t\ttitle=\"DSC03389\"\n\t\t\t\t\talt=\"DSC03389\"\n\t\t\t\t\tsrc=\"http:\/\/www.kocieimperium.com\/wp-content\/gallery\/amy\/thumbs\/thumbs_DSC03389.JPG\"\n\t\t\t\t\twidth=\"100\"\n\t\t\t\t\theight=\"75\"\n\t\t\t\t\tstyle=\"max-width:100%;\"\n\t\t\t\t\/>\n\t\t\t<\/a>\n\t\t<\/div>\n\t\t\t\t\t\t\t<\/div> \n\t\t\t\n\t\t\t\t<div id=\"ngg-image-6\" class=\"ngg-gallery-thumbnail-box \n\t\t\t\t\t\t\t\t\t\t\t\" \n\t\t\t>\n\t\t\t\t\t\t<div class=\"ngg-gallery-thumbnail\">\n\t\t\t<a href=\"http:\/\/www.kocieimperium.com\/wp-content\/gallery\/amy\/30124876_1225308687571737_8194826903226856147_n.jpg\"\n\t\t\t\ttitle=\"\"\n\t\t\t\tdata-src=\"http:\/\/www.kocieimperium.com\/wp-content\/gallery\/amy\/30124876_1225308687571737_8194826903226856147_n.jpg\"\n\t\t\t\tdata-thumbnail=\"http:\/\/www.kocieimperium.com\/wp-content\/gallery\/amy\/thumbs\/thumbs_30124876_1225308687571737_8194826903226856147_n.jpg\"\n\t\t\t\tdata-image-id=\"1971\"\n\t\t\t\tdata-title=\"30124876_1225308687571737_8194826903226856147_n\"\n\t\t\t\tdata-description=\"\"\n\t\t\t\tdata-image-slug=\"30124876_1225308687571737_8194826903226856147_n\"\n\t\t\t\tclass=\"ngg-fancybox\" rel=\"f2ec3f930a91b468a9b6ddd63f479e94\">\n\t\t\t\t<img\n\t\t\t\t\ttitle=\"30124876_1225308687571737_8194826903226856147_n\"\n\t\t\t\t\talt=\"30124876_1225308687571737_8194826903226856147_n\"\n\t\t\t\t\tsrc=\"http:\/\/www.kocieimperium.com\/wp-content\/gallery\/amy\/thumbs\/thumbs_30124876_1225308687571737_8194826903226856147_n.jpg\"\n\t\t\t\t\twidth=\"100\"\n\t\t\t\t\theight=\"75\"\n\t\t\t\t\tstyle=\"max-width:100%;\"\n\t\t\t\t\/>\n\t\t\t<\/a>\n\t\t<\/div>\n\t\t\t\t\t\t\t<\/div> \n\t\t\t\n\t\t\t\t<div id=\"ngg-image-7\" class=\"ngg-gallery-thumbnail-box \n\t\t\t\t\t\t\t\t\t\t\t\" \n\t\t\t>\n\t\t\t\t\t\t<div class=\"ngg-gallery-thumbnail\">\n\t\t\t<a href=\"http:\/\/www.kocieimperium.com\/wp-content\/gallery\/amy\/27337255_1173339292768677_9191231193420367829_n-1.jpg\"\n\t\t\t\ttitle=\"\"\n\t\t\t\tdata-src=\"http:\/\/www.kocieimperium.com\/wp-content\/gallery\/amy\/27337255_1173339292768677_9191231193420367829_n-1.jpg\"\n\t\t\t\tdata-thumbnail=\"http:\/\/www.kocieimperium.com\/wp-content\/gallery\/amy\/thumbs\/thumbs_27337255_1173339292768677_9191231193420367829_n-1.jpg\"\n\t\t\t\tdata-image-id=\"1972\"\n\t\t\t\tdata-title=\"27337255_1173339292768677_9191231193420367829_n\"\n\t\t\t\tdata-description=\"\"\n\t\t\t\tdata-image-slug=\"27337255_1173339292768677_9191231193420367829_n-1\"\n\t\t\t\tclass=\"ngg-fancybox\" rel=\"f2ec3f930a91b468a9b6ddd63f479e94\">\n\t\t\t\t<img\n\t\t\t\t\ttitle=\"27337255_1173339292768677_9191231193420367829_n\"\n\t\t\t\t\talt=\"27337255_1173339292768677_9191231193420367829_n\"\n\t\t\t\t\tsrc=\"http:\/\/www.kocieimperium.com\/wp-content\/gallery\/amy\/thumbs\/thumbs_27337255_1173339292768677_9191231193420367829_n-1.jpg\"\n\t\t\t\t\twidth=\"100\"\n\t\t\t\t\theight=\"75\"\n\t\t\t\t\tstyle=\"max-width:100%;\"\n\t\t\t\t\/>\n\t\t\t<\/a>\n\t\t<\/div>\n\t\t\t\t\t\t\t<\/div> \n\t\t\t\n\t\n\t<br style=\"clear: both\" \/>\n\n\t\n\t\t<!-- Pagination -->\n\t\t<div class='ngg-clear'><\/div>\t<\/div>\n<\/p>\n<table>\n<tbody>\n<tr>\n<td>Rasa:<\/td>\n<td>Brytyjski kr\u00f3tkow\u0142osy<\/td>\n<\/tr>\n<tr>\n<td>Data urodzenia:<\/td>\n<td>2017-06-13<\/td>\n<\/tr>\n<tr>\n<td>P\u0142e\u0107:<\/td>\n<td>Kotka<\/td>\n<\/tr>\n<tr>\n<td>EMS:<\/td>\n<td>BSH a<\/td>\n<\/tr>\n<tr>\n<td>Ojciec:<\/td>\n<td>SC Jaimee from Murlandyia*DE<\/td>\n<\/tr>\n<tr>\n<td>Matka:<\/td>\n<td>CH Olivia Per\u0142a Mazur*PL<\/td>\n<\/tr>\n<tr>\n<td>Testy:<\/td>\n<td>FIV &#8211; ujemny, FeLV \u2013 ujemny,<\/td>\n<\/tr>\n<tr>\n<td>Grupa krwi:<\/td>\n<td>&nbsp;<\/td>\n<\/tr>\n<tr>\n<td>Rodow\u00f3d:<\/td>\n<td>    <div class=\"ngg-gallery-singlepic-image ngg-left\" style=\"max-width: 160px\">\n\t\t        <a href=\"http:\/\/www.kocieimperium.com\/wp-content\/gallery\/certyfikaty\/Amy-001.jpg\"\n           title=\"\"\n           data-src=\"http:\/\/www.kocieimperium.com\/wp-content\/gallery\/certyfikaty\/Amy-001.jpg\"\n           data-thumbnail=\"http:\/\/www.kocieimperium.com\/wp-content\/gallery\/certyfikaty\/thumbs\/thumbs_Amy-001.jpg\"\n           data-image-id=\"1964\"\n           data-title=\"Amy 001\"\n           data-description=\"\"\n           target='_self'\n\t\t\tclass=\"ngg-fancybox\" rel=\"4203890a9471883a864c7d0b6964c85f\">\n            <img class=\"ngg-singlepic\"\n                 src=\"http:\/\/www.kocieimperium.com\/wp-content\/gallery\/certyfikaty\/cache\/Amy-001.jpg-nggid041964-ngg0dyn-160x120x100-00f0w011c010r110f110r010t010.jpg\"\n                 alt=\"Amy 001\"\n                 title=\"Amy 001\"\n\t\t\t\t                    width=\"160\" \t\t\t\t            \/>\n        <\/a>\n\t\t    <\/div>\n\t\t<\/td>\n<\/tr>\n<\/tbody>\n<\/table>\n","protected":false},"excerpt":{"rendered":"<p>Amy Bea Grey &amp; BluI*PL Rasa: Brytyjski kr\u00f3tkow\u0142osy Data urodzenia: 2017-06-13 P\u0142e\u0107: Kotka EMS: BSH a Ojciec: SC Jaimee from Murlandyia*DE Matka: CH Olivia Per\u0142a Mazur*PL Testy: FIV &#8211; ujemny, FeLV \u2013 ujemny, Grupa krwi: &nbsp; Rodow\u00f3d:<\/p>\n","protected":false},"author":2,"featured_media":0,"parent":39,"menu_order":0,"comment_status":"closed","ping_status":"closed","template":"","meta":{"ngg_post_thumbnail":0,"footnotes":""},"_links":{"self":[{"href":"http:\/\/www.kocieimperium.com\/index.php?rest_route=\/wp\/v2\/pages\/5207"}],"collection":[{"href":"http:\/\/www.kocieimperium.com\/index.php?rest_route=\/wp\/v2\/pages"}],"about":[{"href":"http:\/\/www.kocieimperium.com\/index.php?rest_route=\/wp\/v2\/types\/page"}],"author":[{"embeddable":true,"href":"http:\/\/www.kocieimperium.com\/index.php?rest_route=\/wp\/v2\/users\/2"}],"replies":[{"embeddable":true,"href":"http:\/\/www.kocieimperium.com\/index.php?rest_route=%2Fwp%2Fv2%2Fcomments&post=5207"}],"version-history":[{"count":4,"href":"http:\/\/www.kocieimperium.com\/index.php?rest_route=\/wp\/v2\/pages\/5207\/revisions"}],"predecessor-version":[{"id":5232,"href":"http:\/\/www.kocieimperium.com\/index.php?rest_route=\/wp\/v2\/pages\/5207\/revisions\/5232"}],"up":[{"embeddable":true,"href":"http:\/\/www.kocieimperium.com\/index.php?rest_route=\/wp\/v2\/pages\/39"}],"wp:attachment":[{"href":"http:\/\/www.kocieimperium.com\/index.php?rest_route=%2Fwp%2Fv2%2Fmedia&parent=5207"}],"curies":[{"name":"wp","href":"https:\/\/api.w.org\/{rel}","templated":true}]}}