{"id":5368,"date":"2018-12-05T20:18:54","date_gmt":"2018-12-05T19:18:54","guid":{"rendered":"http:\/\/www.kocieimperium.com\/?page_id=5368"},"modified":"2019-04-24T19:57:41","modified_gmt":"2019-04-24T17:57:41","slug":"miot-s-i-sc-jaimee-i-ch-nairin","status":"publish","type":"page","link":"http:\/\/www.kocieimperium.com\/?page_id=5368","title":{"rendered":"Miot S I &#8211; SC Jaimee i CH Nairin"},"content":{"rendered":"<p>&nbsp;<\/p>\n<table>\n<tbody>\n<tr>\n<td>    <div class=\"ngg-gallery-singlepic-image ngg-center\" style=\"max-width: 320px\">\n\t\t        <a href=\"http:\/\/www.kocieimperium.com\/wp-content\/gallery\/jaimee\/DSC00363.JPG\"\n           title=\"\"\n           data-src=\"http:\/\/www.kocieimperium.com\/wp-content\/gallery\/jaimee\/DSC00363.JPG\"\n           data-thumbnail=\"http:\/\/www.kocieimperium.com\/wp-content\/gallery\/jaimee\/thumbs\/thumbs_DSC00363.JPG\"\n           data-image-id=\"1000\"\n           data-title=\"DSC00363\"\n           data-description=\"\"\n           target='_self'\n\t\t\tclass=\"ngg-fancybox\" rel=\"8f3adfe6d0773a1dafbedeb111becb33\">\n            <img class=\"ngg-singlepic\"\n                 src=\"http:\/\/www.kocieimperium.com\/wp-content\/gallery\/jaimee\/cache\/DSC00363.JPG-nggid041000-ngg0dyn-320x240x100-00f0w011c010r110f110r010t010.JPG\"\n                 alt=\"DSC00363\"\n                 title=\"DSC00363\"\n\t\t\t\t                    width=\"320\" \t\t\t\t            \/>\n        <\/a>\n\t\t    <\/div>\n\t\t<\/td>\n<td>    <div class=\"ngg-gallery-singlepic-image ngg-center\" style=\"max-width: 320px\">\n\t\t        <a href=\"http:\/\/www.kocieimperium.com\/wp-content\/gallery\/nairin\/DSC09743.JPG\"\n           title=\"\"\n           data-src=\"http:\/\/www.kocieimperium.com\/wp-content\/gallery\/nairin\/DSC09743.JPG\"\n           data-thumbnail=\"http:\/\/www.kocieimperium.com\/wp-content\/gallery\/nairin\/thumbs\/thumbs_DSC09743.JPG\"\n           data-image-id=\"1632\"\n           data-title=\"DSC09743\"\n           data-description=\"\"\n           target='_self'\n\t\t\tclass=\"ngg-fancybox\" rel=\"3639602735f32a787722f34891d99652\">\n            <img class=\"ngg-singlepic\"\n                 src=\"http:\/\/www.kocieimperium.com\/wp-content\/gallery\/nairin\/cache\/DSC09743.JPG-nggid041632-ngg0dyn-320x240x100-00f0w011c010r110f110r010t010.JPG\"\n                 alt=\"DSC09743\"\n                 title=\"DSC09743\"\n\t\t\t\t                    width=\"320\" \t\t\t\t            \/>\n        <\/a>\n\t\t    <\/div>\n\t\t<\/td>\n<\/tr>\n<tr>\n<td style=\"text-align: center;\"><a title=\"Jaimee\" href=\"http:\/\/www.kocieimperium.com\/?page_id=785\">SC Jaimee From Murlandyia*DE <\/a><\/td>\n<td style=\"text-align: center;\"><a title=\"Nairin\" href=\"http:\/\/www.kocieimperium.com\/?page_id=4057\">CH Nairin Kocie Imperium*PL<\/a><\/td>\n<\/tr>\n<\/tbody>\n<\/table>\n<p>W dniu 20.07.2018r. w naszej hodowli urodzi\u0142o si\u0119 6 koci\u0105t Brytyjskich.<br \/>\nTrzy kotki niebieskie i dwa kocurki, niebieski i jeden&nbsp; liliowy<br \/>\nMaluchy w dniu narodzin warzy\u0142y od 101g do 117g<br \/>\nZapraszamy do \u015bledzenia dalszego rozwoju ma\u0142ych kuleczek z miotu S I na naszej stronie jak i do odwiedzenia nas w domu .<br \/>\nZapraszamy do rezerwacji maluszk\u00f3w!<br \/>\nPrzewidywany termin p\u00f3j\u015bcia kotk\u00f3w do nowych dom\u00f3w to 10.11. 2018r.<\/p>\n<!-- default-view.php -->\n<div\n\tclass=\"ngg-galleryoverview default-view \n\t ngg-ajax-pagination-none\t\"\n\tid=\"ngg-gallery-739d06c8b2fac4803680992d2526cfb3-1\">\n\n\t\t<!-- Thumbnails -->\n\t\t\t\t<div id=\"ngg-image-0\" class=\"ngg-gallery-thumbnail-box \n\t\t\t\t\t\t\t\t\t\t\t\" \n\t\t\t>\n\t\t\t\t\t\t<div class=\"ngg-gallery-thumbnail\">\n\t\t\t<a href=\"http:\/\/www.kocieimperium.com\/wp-content\/gallery\/miot-s-i\/45102765_1459401094162494_1756985315936960512_n.jpg\"\n\t\t\t\ttitle=\"\"\n\t\t\t\tdata-src=\"http:\/\/www.kocieimperium.com\/wp-content\/gallery\/miot-s-i\/45102765_1459401094162494_1756985315936960512_n.jpg\"\n\t\t\t\tdata-thumbnail=\"http:\/\/www.kocieimperium.com\/wp-content\/gallery\/miot-s-i\/thumbs\/thumbs_45102765_1459401094162494_1756985315936960512_n.jpg\"\n\t\t\t\tdata-image-id=\"2027\"\n\t\t\t\tdata-title=\"45102765_1459401094162494_1756985315936960512_n\"\n\t\t\t\tdata-description=\"\"\n\t\t\t\tdata-image-slug=\"45102765_1459401094162494_1756985315936960512_n\"\n\t\t\t\tclass=\"ngg-fancybox\" rel=\"739d06c8b2fac4803680992d2526cfb3\">\n\t\t\t\t<img\n\t\t\t\t\ttitle=\"45102765_1459401094162494_1756985315936960512_n\"\n\t\t\t\t\talt=\"45102765_1459401094162494_1756985315936960512_n\"\n\t\t\t\t\tsrc=\"http:\/\/www.kocieimperium.com\/wp-content\/gallery\/miot-s-i\/thumbs\/thumbs_45102765_1459401094162494_1756985315936960512_n.jpg\"\n\t\t\t\t\twidth=\"100\"\n\t\t\t\t\theight=\"75\"\n\t\t\t\t\tstyle=\"max-width:100%;\"\n\t\t\t\t\/>\n\t\t\t<\/a>\n\t\t<\/div>\n\t\t\t\t\t\t\t<\/div> \n\t\t\t\n\t\t\t\t<div id=\"ngg-image-1\" class=\"ngg-gallery-thumbnail-box \n\t\t\t\t\t\t\t\t\t\t\t\" \n\t\t\t>\n\t\t\t\t\t\t<div class=\"ngg-gallery-thumbnail\">\n\t\t\t<a href=\"http:\/\/www.kocieimperium.com\/wp-content\/gallery\/miot-s-i\/44989860_1459401044162499_6524976378360627200_n.jpg\"\n\t\t\t\ttitle=\"\"\n\t\t\t\tdata-src=\"http:\/\/www.kocieimperium.com\/wp-content\/gallery\/miot-s-i\/44989860_1459401044162499_6524976378360627200_n.jpg\"\n\t\t\t\tdata-thumbnail=\"http:\/\/www.kocieimperium.com\/wp-content\/gallery\/miot-s-i\/thumbs\/thumbs_44989860_1459401044162499_6524976378360627200_n.jpg\"\n\t\t\t\tdata-image-id=\"2028\"\n\t\t\t\tdata-title=\"44989860_1459401044162499_6524976378360627200_n\"\n\t\t\t\tdata-description=\"\"\n\t\t\t\tdata-image-slug=\"44989860_1459401044162499_6524976378360627200_n\"\n\t\t\t\tclass=\"ngg-fancybox\" rel=\"739d06c8b2fac4803680992d2526cfb3\">\n\t\t\t\t<img\n\t\t\t\t\ttitle=\"44989860_1459401044162499_6524976378360627200_n\"\n\t\t\t\t\talt=\"44989860_1459401044162499_6524976378360627200_n\"\n\t\t\t\t\tsrc=\"http:\/\/www.kocieimperium.com\/wp-content\/gallery\/miot-s-i\/thumbs\/thumbs_44989860_1459401044162499_6524976378360627200_n.jpg\"\n\t\t\t\t\twidth=\"100\"\n\t\t\t\t\theight=\"75\"\n\t\t\t\t\tstyle=\"max-width:100%;\"\n\t\t\t\t\/>\n\t\t\t<\/a>\n\t\t<\/div>\n\t\t\t\t\t\t\t<\/div> \n\t\t\t\n\t\t\t\t<div id=\"ngg-image-2\" class=\"ngg-gallery-thumbnail-box \n\t\t\t\t\t\t\t\t\t\t\t\" \n\t\t\t>\n\t\t\t\t\t\t<div class=\"ngg-gallery-thumbnail\">\n\t\t\t<a href=\"http:\/\/www.kocieimperium.com\/wp-content\/gallery\/miot-s-i\/45228766_1464329303669673_8898214042993164288_n.jpg\"\n\t\t\t\ttitle=\"\"\n\t\t\t\tdata-src=\"http:\/\/www.kocieimperium.com\/wp-content\/gallery\/miot-s-i\/45228766_1464329303669673_8898214042993164288_n.jpg\"\n\t\t\t\tdata-thumbnail=\"http:\/\/www.kocieimperium.com\/wp-content\/gallery\/miot-s-i\/thumbs\/thumbs_45228766_1464329303669673_8898214042993164288_n.jpg\"\n\t\t\t\tdata-image-id=\"2029\"\n\t\t\t\tdata-title=\"45228766_1464329303669673_8898214042993164288_n\"\n\t\t\t\tdata-description=\"\"\n\t\t\t\tdata-image-slug=\"45228766_1464329303669673_8898214042993164288_n\"\n\t\t\t\tclass=\"ngg-fancybox\" rel=\"739d06c8b2fac4803680992d2526cfb3\">\n\t\t\t\t<img\n\t\t\t\t\ttitle=\"45228766_1464329303669673_8898214042993164288_n\"\n\t\t\t\t\talt=\"45228766_1464329303669673_8898214042993164288_n\"\n\t\t\t\t\tsrc=\"http:\/\/www.kocieimperium.com\/wp-content\/gallery\/miot-s-i\/thumbs\/thumbs_45228766_1464329303669673_8898214042993164288_n.jpg\"\n\t\t\t\t\twidth=\"100\"\n\t\t\t\t\theight=\"75\"\n\t\t\t\t\tstyle=\"max-width:100%;\"\n\t\t\t\t\/>\n\t\t\t<\/a>\n\t\t<\/div>\n\t\t\t\t\t\t\t<\/div> \n\t\t\t\n\t\t\t\t<div id=\"ngg-image-3\" class=\"ngg-gallery-thumbnail-box \n\t\t\t\t\t\t\t\t\t\t\t\" \n\t\t\t>\n\t\t\t\t\t\t<div class=\"ngg-gallery-thumbnail\">\n\t\t\t<a href=\"http:\/\/www.kocieimperium.com\/wp-content\/gallery\/miot-s-i\/44859957_1453462898089647_3435188295871496192_n.jpg\"\n\t\t\t\ttitle=\"\"\n\t\t\t\tdata-src=\"http:\/\/www.kocieimperium.com\/wp-content\/gallery\/miot-s-i\/44859957_1453462898089647_3435188295871496192_n.jpg\"\n\t\t\t\tdata-thumbnail=\"http:\/\/www.kocieimperium.com\/wp-content\/gallery\/miot-s-i\/thumbs\/thumbs_44859957_1453462898089647_3435188295871496192_n.jpg\"\n\t\t\t\tdata-image-id=\"2030\"\n\t\t\t\tdata-title=\"44859957_1453462898089647_3435188295871496192_n\"\n\t\t\t\tdata-description=\"\"\n\t\t\t\tdata-image-slug=\"44859957_1453462898089647_3435188295871496192_n\"\n\t\t\t\tclass=\"ngg-fancybox\" rel=\"739d06c8b2fac4803680992d2526cfb3\">\n\t\t\t\t<img\n\t\t\t\t\ttitle=\"44859957_1453462898089647_3435188295871496192_n\"\n\t\t\t\t\talt=\"44859957_1453462898089647_3435188295871496192_n\"\n\t\t\t\t\tsrc=\"http:\/\/www.kocieimperium.com\/wp-content\/gallery\/miot-s-i\/thumbs\/thumbs_44859957_1453462898089647_3435188295871496192_n.jpg\"\n\t\t\t\t\twidth=\"100\"\n\t\t\t\t\theight=\"75\"\n\t\t\t\t\tstyle=\"max-width:100%;\"\n\t\t\t\t\/>\n\t\t\t<\/a>\n\t\t<\/div>\n\t\t\t\t\t\t\t<\/div> \n\t\t\t\n\t\t\t\t<div id=\"ngg-image-4\" class=\"ngg-gallery-thumbnail-box \n\t\t\t\t\t\t\t\t\t\t\t\" \n\t\t\t>\n\t\t\t\t\t\t<div class=\"ngg-gallery-thumbnail\">\n\t\t\t<a href=\"http:\/\/www.kocieimperium.com\/wp-content\/gallery\/miot-s-i\/44429090_1453462718089665_1906158592508035072_n.jpg\"\n\t\t\t\ttitle=\"\"\n\t\t\t\tdata-src=\"http:\/\/www.kocieimperium.com\/wp-content\/gallery\/miot-s-i\/44429090_1453462718089665_1906158592508035072_n.jpg\"\n\t\t\t\tdata-thumbnail=\"http:\/\/www.kocieimperium.com\/wp-content\/gallery\/miot-s-i\/thumbs\/thumbs_44429090_1453462718089665_1906158592508035072_n.jpg\"\n\t\t\t\tdata-image-id=\"2031\"\n\t\t\t\tdata-title=\"44429090_1453462718089665_1906158592508035072_n\"\n\t\t\t\tdata-description=\"\"\n\t\t\t\tdata-image-slug=\"44429090_1453462718089665_1906158592508035072_n\"\n\t\t\t\tclass=\"ngg-fancybox\" rel=\"739d06c8b2fac4803680992d2526cfb3\">\n\t\t\t\t<img\n\t\t\t\t\ttitle=\"44429090_1453462718089665_1906158592508035072_n\"\n\t\t\t\t\talt=\"44429090_1453462718089665_1906158592508035072_n\"\n\t\t\t\t\tsrc=\"http:\/\/www.kocieimperium.com\/wp-content\/gallery\/miot-s-i\/thumbs\/thumbs_44429090_1453462718089665_1906158592508035072_n.jpg\"\n\t\t\t\t\twidth=\"100\"\n\t\t\t\t\theight=\"75\"\n\t\t\t\t\tstyle=\"max-width:100%;\"\n\t\t\t\t\/>\n\t\t\t<\/a>\n\t\t<\/div>\n\t\t\t\t\t\t\t<\/div> \n\t\t\t\n\t\t\t\t<div id=\"ngg-image-5\" class=\"ngg-gallery-thumbnail-box \n\t\t\t\t\t\t\t\t\t\t\t\" \n\t\t\t>\n\t\t\t\t\t\t<div class=\"ngg-gallery-thumbnail\">\n\t\t\t<a href=\"http:\/\/www.kocieimperium.com\/wp-content\/gallery\/miot-s-i\/45259843_1465738766862060_4195883061906243584_n.jpg\"\n\t\t\t\ttitle=\"\"\n\t\t\t\tdata-src=\"http:\/\/www.kocieimperium.com\/wp-content\/gallery\/miot-s-i\/45259843_1465738766862060_4195883061906243584_n.jpg\"\n\t\t\t\tdata-thumbnail=\"http:\/\/www.kocieimperium.com\/wp-content\/gallery\/miot-s-i\/thumbs\/thumbs_45259843_1465738766862060_4195883061906243584_n.jpg\"\n\t\t\t\tdata-image-id=\"2032\"\n\t\t\t\tdata-title=\"45259843_1465738766862060_4195883061906243584_n\"\n\t\t\t\tdata-description=\"\"\n\t\t\t\tdata-image-slug=\"45259843_1465738766862060_4195883061906243584_n\"\n\t\t\t\tclass=\"ngg-fancybox\" rel=\"739d06c8b2fac4803680992d2526cfb3\">\n\t\t\t\t<img\n\t\t\t\t\ttitle=\"45259843_1465738766862060_4195883061906243584_n\"\n\t\t\t\t\talt=\"45259843_1465738766862060_4195883061906243584_n\"\n\t\t\t\t\tsrc=\"http:\/\/www.kocieimperium.com\/wp-content\/gallery\/miot-s-i\/thumbs\/thumbs_45259843_1465738766862060_4195883061906243584_n.jpg\"\n\t\t\t\t\twidth=\"100\"\n\t\t\t\t\theight=\"75\"\n\t\t\t\t\tstyle=\"max-width:100%;\"\n\t\t\t\t\/>\n\t\t\t<\/a>\n\t\t<\/div>\n\t\t\t\t\t\t\t<\/div> \n\t\t\t\n\t\t\t\t<div id=\"ngg-image-6\" class=\"ngg-gallery-thumbnail-box \n\t\t\t\t\t\t\t\t\t\t\t\" \n\t\t\t>\n\t\t\t\t\t\t<div class=\"ngg-gallery-thumbnail\">\n\t\t\t<a href=\"http:\/\/www.kocieimperium.com\/wp-content\/gallery\/miot-s-i\/45263607_1465738816862055_4462113035019878400_n.jpg\"\n\t\t\t\ttitle=\"\"\n\t\t\t\tdata-src=\"http:\/\/www.kocieimperium.com\/wp-content\/gallery\/miot-s-i\/45263607_1465738816862055_4462113035019878400_n.jpg\"\n\t\t\t\tdata-thumbnail=\"http:\/\/www.kocieimperium.com\/wp-content\/gallery\/miot-s-i\/thumbs\/thumbs_45263607_1465738816862055_4462113035019878400_n.jpg\"\n\t\t\t\tdata-image-id=\"2033\"\n\t\t\t\tdata-title=\"45263607_1465738816862055_4462113035019878400_n\"\n\t\t\t\tdata-description=\"\"\n\t\t\t\tdata-image-slug=\"45263607_1465738816862055_4462113035019878400_n\"\n\t\t\t\tclass=\"ngg-fancybox\" rel=\"739d06c8b2fac4803680992d2526cfb3\">\n\t\t\t\t<img\n\t\t\t\t\ttitle=\"45263607_1465738816862055_4462113035019878400_n\"\n\t\t\t\t\talt=\"45263607_1465738816862055_4462113035019878400_n\"\n\t\t\t\t\tsrc=\"http:\/\/www.kocieimperium.com\/wp-content\/gallery\/miot-s-i\/thumbs\/thumbs_45263607_1465738816862055_4462113035019878400_n.jpg\"\n\t\t\t\t\twidth=\"100\"\n\t\t\t\t\theight=\"75\"\n\t\t\t\t\tstyle=\"max-width:100%;\"\n\t\t\t\t\/>\n\t\t\t<\/a>\n\t\t<\/div>\n\t\t\t\t\t\t\t<\/div> \n\t\t\t\n\t\t\t\t<div id=\"ngg-image-7\" class=\"ngg-gallery-thumbnail-box \n\t\t\t\t\t\t\t\t\t\t\t\" \n\t\t\t>\n\t\t\t\t\t\t<div class=\"ngg-gallery-thumbnail\">\n\t\t\t<a href=\"http:\/\/www.kocieimperium.com\/wp-content\/gallery\/miot-s-i\/45289451_1465739040195366_6066553838591016960_n.jpg\"\n\t\t\t\ttitle=\"\"\n\t\t\t\tdata-src=\"http:\/\/www.kocieimperium.com\/wp-content\/gallery\/miot-s-i\/45289451_1465739040195366_6066553838591016960_n.jpg\"\n\t\t\t\tdata-thumbnail=\"http:\/\/www.kocieimperium.com\/wp-content\/gallery\/miot-s-i\/thumbs\/thumbs_45289451_1465739040195366_6066553838591016960_n.jpg\"\n\t\t\t\tdata-image-id=\"2034\"\n\t\t\t\tdata-title=\"45289451_1465739040195366_6066553838591016960_n\"\n\t\t\t\tdata-description=\"\"\n\t\t\t\tdata-image-slug=\"45289451_1465739040195366_6066553838591016960_n\"\n\t\t\t\tclass=\"ngg-fancybox\" rel=\"739d06c8b2fac4803680992d2526cfb3\">\n\t\t\t\t<img\n\t\t\t\t\ttitle=\"45289451_1465739040195366_6066553838591016960_n\"\n\t\t\t\t\talt=\"45289451_1465739040195366_6066553838591016960_n\"\n\t\t\t\t\tsrc=\"http:\/\/www.kocieimperium.com\/wp-content\/gallery\/miot-s-i\/thumbs\/thumbs_45289451_1465739040195366_6066553838591016960_n.jpg\"\n\t\t\t\t\twidth=\"100\"\n\t\t\t\t\theight=\"75\"\n\t\t\t\t\tstyle=\"max-width:100%;\"\n\t\t\t\t\/>\n\t\t\t<\/a>\n\t\t<\/div>\n\t\t\t\t\t\t\t<\/div> \n\t\t\t\n\t\t\t\t<div id=\"ngg-image-8\" class=\"ngg-gallery-thumbnail-box \n\t\t\t\t\t\t\t\t\t\t\t\" \n\t\t\t>\n\t\t\t\t\t\t<div class=\"ngg-gallery-thumbnail\">\n\t\t\t<a href=\"http:\/\/www.kocieimperium.com\/wp-content\/gallery\/miot-s-i\/45339918_1465739126862024_5506064124041232384_n.jpg\"\n\t\t\t\ttitle=\"\"\n\t\t\t\tdata-src=\"http:\/\/www.kocieimperium.com\/wp-content\/gallery\/miot-s-i\/45339918_1465739126862024_5506064124041232384_n.jpg\"\n\t\t\t\tdata-thumbnail=\"http:\/\/www.kocieimperium.com\/wp-content\/gallery\/miot-s-i\/thumbs\/thumbs_45339918_1465739126862024_5506064124041232384_n.jpg\"\n\t\t\t\tdata-image-id=\"2035\"\n\t\t\t\tdata-title=\"45339918_1465739126862024_5506064124041232384_n\"\n\t\t\t\tdata-description=\"\"\n\t\t\t\tdata-image-slug=\"45339918_1465739126862024_5506064124041232384_n\"\n\t\t\t\tclass=\"ngg-fancybox\" rel=\"739d06c8b2fac4803680992d2526cfb3\">\n\t\t\t\t<img\n\t\t\t\t\ttitle=\"45339918_1465739126862024_5506064124041232384_n\"\n\t\t\t\t\talt=\"45339918_1465739126862024_5506064124041232384_n\"\n\t\t\t\t\tsrc=\"http:\/\/www.kocieimperium.com\/wp-content\/gallery\/miot-s-i\/thumbs\/thumbs_45339918_1465739126862024_5506064124041232384_n.jpg\"\n\t\t\t\t\twidth=\"100\"\n\t\t\t\t\theight=\"75\"\n\t\t\t\t\tstyle=\"max-width:100%;\"\n\t\t\t\t\/>\n\t\t\t<\/a>\n\t\t<\/div>\n\t\t\t\t\t\t\t<\/div> \n\t\t\t\n\t\t\t\t<div id=\"ngg-image-9\" class=\"ngg-gallery-thumbnail-box \n\t\t\t\t\t\t\t\t\t\t\t\" \n\t\t\t>\n\t\t\t\t\t\t<div class=\"ngg-gallery-thumbnail\">\n\t\t\t<a href=\"http:\/\/www.kocieimperium.com\/wp-content\/gallery\/miot-s-i\/46436838_1484250395010897_5023732141284917248_n.jpg\"\n\t\t\t\ttitle=\"\"\n\t\t\t\tdata-src=\"http:\/\/www.kocieimperium.com\/wp-content\/gallery\/miot-s-i\/46436838_1484250395010897_5023732141284917248_n.jpg\"\n\t\t\t\tdata-thumbnail=\"http:\/\/www.kocieimperium.com\/wp-content\/gallery\/miot-s-i\/thumbs\/thumbs_46436838_1484250395010897_5023732141284917248_n.jpg\"\n\t\t\t\tdata-image-id=\"2036\"\n\t\t\t\tdata-title=\"46436838_1484250395010897_5023732141284917248_n\"\n\t\t\t\tdata-description=\"\"\n\t\t\t\tdata-image-slug=\"46436838_1484250395010897_5023732141284917248_n\"\n\t\t\t\tclass=\"ngg-fancybox\" rel=\"739d06c8b2fac4803680992d2526cfb3\">\n\t\t\t\t<img\n\t\t\t\t\ttitle=\"46436838_1484250395010897_5023732141284917248_n\"\n\t\t\t\t\talt=\"46436838_1484250395010897_5023732141284917248_n\"\n\t\t\t\t\tsrc=\"http:\/\/www.kocieimperium.com\/wp-content\/gallery\/miot-s-i\/thumbs\/thumbs_46436838_1484250395010897_5023732141284917248_n.jpg\"\n\t\t\t\t\twidth=\"100\"\n\t\t\t\t\theight=\"75\"\n\t\t\t\t\tstyle=\"max-width:100%;\"\n\t\t\t\t\/>\n\t\t\t<\/a>\n\t\t<\/div>\n\t\t\t\t\t\t\t<\/div> \n\t\t\t\n\t\t\t\t<div id=\"ngg-image-10\" class=\"ngg-gallery-thumbnail-box \n\t\t\t\t\t\t\t\t\t\t\t\" \n\t\t\t>\n\t\t\t\t\t\t<div class=\"ngg-gallery-thumbnail\">\n\t\t\t<a href=\"http:\/\/www.kocieimperium.com\/wp-content\/gallery\/miot-s-i\/46444595_1484250578344212_3186042242372468736_n.jpg\"\n\t\t\t\ttitle=\"\"\n\t\t\t\tdata-src=\"http:\/\/www.kocieimperium.com\/wp-content\/gallery\/miot-s-i\/46444595_1484250578344212_3186042242372468736_n.jpg\"\n\t\t\t\tdata-thumbnail=\"http:\/\/www.kocieimperium.com\/wp-content\/gallery\/miot-s-i\/thumbs\/thumbs_46444595_1484250578344212_3186042242372468736_n.jpg\"\n\t\t\t\tdata-image-id=\"2037\"\n\t\t\t\tdata-title=\"46444595_1484250578344212_3186042242372468736_n\"\n\t\t\t\tdata-description=\"\"\n\t\t\t\tdata-image-slug=\"46444595_1484250578344212_3186042242372468736_n\"\n\t\t\t\tclass=\"ngg-fancybox\" rel=\"739d06c8b2fac4803680992d2526cfb3\">\n\t\t\t\t<img\n\t\t\t\t\ttitle=\"46444595_1484250578344212_3186042242372468736_n\"\n\t\t\t\t\talt=\"46444595_1484250578344212_3186042242372468736_n\"\n\t\t\t\t\tsrc=\"http:\/\/www.kocieimperium.com\/wp-content\/gallery\/miot-s-i\/thumbs\/thumbs_46444595_1484250578344212_3186042242372468736_n.jpg\"\n\t\t\t\t\twidth=\"100\"\n\t\t\t\t\theight=\"75\"\n\t\t\t\t\tstyle=\"max-width:100%;\"\n\t\t\t\t\/>\n\t\t\t<\/a>\n\t\t<\/div>\n\t\t\t\t\t\t\t<\/div> \n\t\t\t\n\t\t\t\t<div id=\"ngg-image-11\" class=\"ngg-gallery-thumbnail-box \n\t\t\t\t\t\t\t\t\t\t\t\" \n\t\t\t>\n\t\t\t\t\t\t<div class=\"ngg-gallery-thumbnail\">\n\t\t\t<a href=\"http:\/\/www.kocieimperium.com\/wp-content\/gallery\/miot-s-i\/46998174_1496791703756766_3908174687489753088_n.jpg\"\n\t\t\t\ttitle=\"\"\n\t\t\t\tdata-src=\"http:\/\/www.kocieimperium.com\/wp-content\/gallery\/miot-s-i\/46998174_1496791703756766_3908174687489753088_n.jpg\"\n\t\t\t\tdata-thumbnail=\"http:\/\/www.kocieimperium.com\/wp-content\/gallery\/miot-s-i\/thumbs\/thumbs_46998174_1496791703756766_3908174687489753088_n.jpg\"\n\t\t\t\tdata-image-id=\"2038\"\n\t\t\t\tdata-title=\"46998174_1496791703756766_3908174687489753088_n\"\n\t\t\t\tdata-description=\"\"\n\t\t\t\tdata-image-slug=\"46998174_1496791703756766_3908174687489753088_n\"\n\t\t\t\tclass=\"ngg-fancybox\" rel=\"739d06c8b2fac4803680992d2526cfb3\">\n\t\t\t\t<img\n\t\t\t\t\ttitle=\"46998174_1496791703756766_3908174687489753088_n\"\n\t\t\t\t\talt=\"46998174_1496791703756766_3908174687489753088_n\"\n\t\t\t\t\tsrc=\"http:\/\/www.kocieimperium.com\/wp-content\/gallery\/miot-s-i\/thumbs\/thumbs_46998174_1496791703756766_3908174687489753088_n.jpg\"\n\t\t\t\t\twidth=\"100\"\n\t\t\t\t\theight=\"75\"\n\t\t\t\t\tstyle=\"max-width:100%;\"\n\t\t\t\t\/>\n\t\t\t<\/a>\n\t\t<\/div>\n\t\t\t\t\t\t\t<\/div> \n\t\t\t\n\t\t\t\t<div id=\"ngg-image-12\" class=\"ngg-gallery-thumbnail-box \n\t\t\t\t\t\t\t\t\t\t\t\" \n\t\t\t>\n\t\t\t\t\t\t<div class=\"ngg-gallery-thumbnail\">\n\t\t\t<a href=\"http:\/\/www.kocieimperium.com\/wp-content\/gallery\/miot-s-i\/47126105_1496791747090095_1778013647616868352_n.jpg\"\n\t\t\t\ttitle=\"\"\n\t\t\t\tdata-src=\"http:\/\/www.kocieimperium.com\/wp-content\/gallery\/miot-s-i\/47126105_1496791747090095_1778013647616868352_n.jpg\"\n\t\t\t\tdata-thumbnail=\"http:\/\/www.kocieimperium.com\/wp-content\/gallery\/miot-s-i\/thumbs\/thumbs_47126105_1496791747090095_1778013647616868352_n.jpg\"\n\t\t\t\tdata-image-id=\"2039\"\n\t\t\t\tdata-title=\"47126105_1496791747090095_1778013647616868352_n\"\n\t\t\t\tdata-description=\"\"\n\t\t\t\tdata-image-slug=\"47126105_1496791747090095_1778013647616868352_n\"\n\t\t\t\tclass=\"ngg-fancybox\" rel=\"739d06c8b2fac4803680992d2526cfb3\">\n\t\t\t\t<img\n\t\t\t\t\ttitle=\"47126105_1496791747090095_1778013647616868352_n\"\n\t\t\t\t\talt=\"47126105_1496791747090095_1778013647616868352_n\"\n\t\t\t\t\tsrc=\"http:\/\/www.kocieimperium.com\/wp-content\/gallery\/miot-s-i\/thumbs\/thumbs_47126105_1496791747090095_1778013647616868352_n.jpg\"\n\t\t\t\t\twidth=\"100\"\n\t\t\t\t\theight=\"75\"\n\t\t\t\t\tstyle=\"max-width:100%;\"\n\t\t\t\t\/>\n\t\t\t<\/a>\n\t\t<\/div>\n\t\t\t\t\t\t\t<\/div> \n\t\t\t\n\t\t\t\t<div id=\"ngg-image-13\" class=\"ngg-gallery-thumbnail-box \n\t\t\t\t\t\t\t\t\t\t\t\" \n\t\t\t>\n\t\t\t\t\t\t<div class=\"ngg-gallery-thumbnail\">\n\t\t\t<a href=\"http:\/\/www.kocieimperium.com\/wp-content\/gallery\/miot-s-i\/47378690_1501456963290240_4727829501843603456_o.jpg\"\n\t\t\t\ttitle=\"\"\n\t\t\t\tdata-src=\"http:\/\/www.kocieimperium.com\/wp-content\/gallery\/miot-s-i\/47378690_1501456963290240_4727829501843603456_o.jpg\"\n\t\t\t\tdata-thumbnail=\"http:\/\/www.kocieimperium.com\/wp-content\/gallery\/miot-s-i\/thumbs\/thumbs_47378690_1501456963290240_4727829501843603456_o.jpg\"\n\t\t\t\tdata-image-id=\"2040\"\n\t\t\t\tdata-title=\"47378690_1501456963290240_4727829501843603456_o\"\n\t\t\t\tdata-description=\"\"\n\t\t\t\tdata-image-slug=\"47378690_1501456963290240_4727829501843603456_o\"\n\t\t\t\tclass=\"ngg-fancybox\" rel=\"739d06c8b2fac4803680992d2526cfb3\">\n\t\t\t\t<img\n\t\t\t\t\ttitle=\"47378690_1501456963290240_4727829501843603456_o\"\n\t\t\t\t\talt=\"47378690_1501456963290240_4727829501843603456_o\"\n\t\t\t\t\tsrc=\"http:\/\/www.kocieimperium.com\/wp-content\/gallery\/miot-s-i\/thumbs\/thumbs_47378690_1501456963290240_4727829501843603456_o.jpg\"\n\t\t\t\t\twidth=\"100\"\n\t\t\t\t\theight=\"75\"\n\t\t\t\t\tstyle=\"max-width:100%;\"\n\t\t\t\t\/>\n\t\t\t<\/a>\n\t\t<\/div>\n\t\t\t\t\t\t\t<\/div> \n\t\t\t\n\t\n\t<br style=\"clear: both\" \/>\n\n\t\n\t\t<!-- Pagination -->\n\t\t<div class='ngg-clear'><\/div>\t<\/div>\n\n<p><span style=\"color: #800000;\">&nbsp;<\/span><\/p>\n<table border=\"1\" width=\"584\" align=\"center\">\n<tbody>\n<tr>\n<td>&nbsp;<\/td>\n<td align=\"center\"><strong>Imi\u0119<\/strong><\/td>\n<td align=\"center\"><strong>P\u0142e\u0107<\/strong><\/td>\n<td align=\"center\"><strong>Kolor<\/strong><\/td>\n<td align=\"center\"><strong>Status<\/strong><\/td>\n<\/tr>\n<tr>\n<td>&nbsp;<\/td>\n<td align=\"center\"><span style=\"color: #0000ff;\">Salim<\/span><\/td>\n<td align=\"center\">kocurek<\/td>\n<td align=\"center\">BSH a<\/td>\n<td align=\"center\"><span style=\"color: #ff0000;\">W nowym domu<\/span><\/td>\n<\/tr>\n<tr>\n<td>&nbsp;<\/td>\n<td align=\"center\"><span style=\"color: #0000ff;\">Serchio<\/span><\/td>\n<td align=\"center\">Kocurek<\/td>\n<td align=\"center\">BSH a<\/td>\n<td align=\"center\"><span style=\"color: #ff0000;\">W nowym domu<\/span><\/td>\n<\/tr>\n<tr>\n<td>&nbsp;<\/td>\n<td align=\"center\"><span style=\"color: #0000ff;\">Santhos<\/span><\/td>\n<td align=\"center\">kocurek<\/td>\n<td align=\"center\">BSH c<\/td>\n<td align=\"center\"><span style=\"color: #ff0000;\">W nowym domu<\/span><\/td>\n<\/tr>\n<tr>\n<td>&nbsp;<\/td>\n<td align=\"center\"><span style=\"color: #0000ff;\">Siri<\/span><\/td>\n<td align=\"center\">Kotka<\/td>\n<td align=\"center\">BSH a<\/td>\n<td align=\"center\"><span style=\"color: #ff0000;\">W nowym domu<\/span><\/td>\n<\/tr>\n<tr>\n<td>&nbsp;<\/td>\n<td align=\"center\"><span style=\"color: #0000ff;\">Szira<\/span><\/td>\n<td align=\"center\">Kotka<\/td>\n<td align=\"center\">BSH a<\/td>\n<td align=\"center\"><span style=\"color: #ff0000;\">W nowym domu<\/span><\/td>\n<\/tr>\n<tr>\n<td>&nbsp;<\/td>\n<td align=\"center\"><span style=\"color: #0000ff;\">Sila<\/span><\/td>\n<td align=\"center\">Kotka<\/td>\n<td align=\"center\">BSH a<\/td>\n<td align=\"center\"><span style=\"color: #ff0000;\">W nowym domu<\/span><\/td>\n<\/tr>\n<tr>\n<td>&nbsp;<\/td>\n<td align=\"center\">&nbsp;<\/td>\n<td align=\"center\">&nbsp;<\/td>\n<td align=\"center\">&nbsp;<\/td>\n<td align=\"center\"><span style=\"text-align: left; color: #993300;\">&nbsp;<\/span><\/td>\n<\/tr>\n<\/tbody>\n<\/table>\n<p><span style=\"color: #8b0000;\">Wpis wst\u0119pna rezerwacja <\/span>&#8211; potencjalny w\u0142a\u015bciciel zastanawia si\u0119 nad kupnem<br \/>\n<span style=\"color: red;\">Wpis rezerwacja <\/span>&#8211; zosta\u0142a dokonana wp\u0142ata pierwszej raty<br \/>\n<span style=\"color: #ff6600;\">Wpis<\/span><span style=\"color: #ff6600;\"> w obserwacji<\/span> &#8211; kociak obserwowany pod wzgl\u0119dem hodowlano &#8211; wystawowym<\/p>\n<p>&nbsp;<\/p>\n<h2 style=\"text-align: center;\">Osoby zainteresowane kupnem kociaczka z naszej hodowli, zapraszamy do rezerwacji.<br \/>\n<a title=\"Kontakt\" href=\"http:\/\/www.kocieimperium.com\/?page_id=22\">DANE KONTAKTOWE <\/a><\/h2>\n<h2 style=\"text-align: center;\"><a title=\"Zakup kotka z naszej hodowli\" href=\"http:\/\/www.kocieimperium.com\/?page_id=260\">Zakup kotka z naszej hodowli<\/a><\/h2>\n<p>&nbsp;<\/p>\n","protected":false},"excerpt":{"rendered":"<p>&nbsp; SC Jaimee From Murlandyia*DE CH Nairin Kocie Imperium*PL W dniu 20.07.2018r. w naszej hodowli urodzi\u0142o si\u0119 6 koci\u0105t Brytyjskich. Trzy kotki niebieskie i dwa kocurki, niebieski i jeden&nbsp; liliowy Maluchy w dniu narodzin warzy\u0142y od 101g do 117g Zapraszamy &hellip; <a href=\"http:\/\/www.kocieimperium.com\/?page_id=5368\">Czytaj dalej <span class=\"meta-nav\">&rarr;<\/span><\/a><\/p>\n","protected":false},"author":2,"featured_media":0,"parent":0,"menu_order":0,"comment_status":"closed","ping_status":"closed","template":"","meta":{"ngg_post_thumbnail":0,"footnotes":""},"_links":{"self":[{"href":"http:\/\/www.kocieimperium.com\/index.php?rest_route=\/wp\/v2\/pages\/5368"}],"collection":[{"href":"http:\/\/www.kocieimperium.com\/index.php?rest_route=\/wp\/v2\/pages"}],"about":[{"href":"http:\/\/www.kocieimperium.com\/index.php?rest_route=\/wp\/v2\/types\/page"}],"author":[{"embeddable":true,"href":"http:\/\/www.kocieimperium.com\/index.php?rest_route=\/wp\/v2\/users\/2"}],"replies":[{"embeddable":true,"href":"http:\/\/www.kocieimperium.com\/index.php?rest_route=%2Fwp%2Fv2%2Fcomments&post=5368"}],"version-history":[{"count":8,"href":"http:\/\/www.kocieimperium.com\/index.php?rest_route=\/wp\/v2\/pages\/5368\/revisions"}],"predecessor-version":[{"id":5831,"href":"http:\/\/www.kocieimperium.com\/index.php?rest_route=\/wp\/v2\/pages\/5368\/revisions\/5831"}],"wp:attachment":[{"href":"http:\/\/www.kocieimperium.com\/index.php?rest_route=%2Fwp%2Fv2%2Fmedia&parent=5368"}],"curies":[{"name":"wp","href":"https:\/\/api.w.org\/{rel}","templated":true}]}}